{"id":9700,"date":"2017-06-07T11:24:56","date_gmt":"2017-06-07T09:24:56","guid":{"rendered":"http:\/\/gasgenial.de\/fluessiggas\/?page_id=9700"},"modified":"2017-06-07T11:24:56","modified_gmt":"2017-06-07T09:24:56","slug":"fluessiggasflaschen","status":"publish","type":"page","link":"https:\/\/gasgenial.de\/fluessiggas\/fluessiggasflaschen","title":{"rendered":"Fl\u00fcssiggasflaschen"},"content":{"rendered":"<p>F\u00fcr den kurzfristigen Bedarf von Fl\u00fcssiggas, k\u00f6nnen Fl\u00fcssiggasflaschen verwendet werden.<br \/>\nFl\u00fcssiggasflaschen sind ideal f\u00fcr die Versorgung von Ger\u00e4ten die einen geringen Verbrauch haben (Haushalt, Camping, Gewerbe oder Industrie).<br \/>\nSie sind flexibel einsetzbar, da Sie leicht zu transportieren sind. Im Handel erh\u00e4ltlich sind verschiedene Gr\u00f6\u00dfen, von kleinen Kartuschen mit ca. 500g, bis zu gr\u00f6\u00dferen Flaschen die bis zu 33Kg fassen. F\u00fcr den privaten Gebrauch sind Gr\u00f6\u00dfen von 5Kg und 11Kg \u00fcblich.<\/p>\n<p>Je nach Verwendungszweck kann man sich f\u00fcr die passende Gr\u00f6\u00dfe entscheiden. Die Einsatzm\u00f6glichkeiten f\u00fcr Fl\u00fcssiggasflaschen sind sehr vielseitig. So kann man z.B. mit Fl\u00fcssiggas kochen oder Grillen, es als Campinggas nutzen, um kurzfristig W\u00e4rme zu erzeugen (z.B. auf Baustellen) oder es als Treibstoff f\u00fcr Verbrennungsmotoren verwenden z.B. Gabelstapler.<\/p>\n<p>Anders als bei Benzin oder Diesel entstehen bei Fl\u00fcssiggas keine Krebserregenden bzw. giftigen Abgase. Daher darf Fl\u00fcssiggas auch in geschlossenen, aber gut durchl\u00fcfteten, gro\u00dfen R\u00e4umen oder Hallen eingesetzt werden. Ist der Bedarf an Fl\u00fcssiggas erh\u00f6ht, besteht die M\u00f6glichkeit mehrere Fl\u00fcssiggasflaschen zu einer sogenannten \u201eBatterie\u201c zusammenzuschalten. Dabei kann man sowohl manuell als auch automatisch zwischen den Flaschen umschalten. Bei einer Aufstellung im Freien m\u00fcssen die Flaschen gegen Unbefugten Zugriff gesch\u00fctzt werden.<br \/>\nAu\u00dferdem sollte man beachten, dass Fl\u00fcssiggasflaschen (auch entleerte), immer stehend aufzubewahren sind.<\/p>\n","protected":false},"excerpt":{"rendered":"<p>F\u00fcr den kurzfristigen Bedarf von Fl\u00fcssiggas, k\u00f6nnen Fl\u00fcssiggasflaschen verwendet werden. Fl\u00fcssiggasflaschen sind ideal f\u00fcr die&#8230;<\/p>\n","protected":false},"author":2,"featured_media":0,"parent":0,"menu_order":0,"comment_status":"open","ping_status":"open","template":"","meta":{"footnotes":""},"class_list":["post-9700","page","type-page","status-publish","hentry"],"yoast_head":"<!-- This site is optimized with the Yoast SEO plugin v26.2 - https:\/\/yoast.com\/wordpress\/plugins\/seo\/ -->\n<title>Fl\u00fcssiggasflaschen - Gasgenial - Fl\u00fcssiggas g\u00fcnstig kaufen<\/title>\n<meta name=\"robots\" content=\"index, follow, max-snippet:-1, max-image-preview:large, max-video-preview:-1\" \/>\n<link rel=\"canonical\" href=\"https:\/\/gasgenial.de\/fluessiggas\/fluessiggasflaschen\" \/>\n<meta property=\"og:locale\" content=\"de_DE\" \/>\n<meta property=\"og:type\" content=\"article\" \/>\n<meta property=\"og:title\" content=\"Fl\u00fcssiggasflaschen - Gasgenial - Fl\u00fcssiggas g\u00fcnstig kaufen\" \/>\n<meta property=\"og:description\" content=\"F\u00fcr den kurzfristigen Bedarf von Fl\u00fcssiggas, k\u00f6nnen Fl\u00fcssiggasflaschen verwendet werden. Fl\u00fcssiggasflaschen sind ideal f\u00fcr die...\" \/>\n<meta property=\"og:url\" content=\"https:\/\/gasgenial.de\/fluessiggas\/fluessiggasflaschen\" \/>\n<meta property=\"og:site_name\" content=\"Gasgenial - Fl\u00fcssiggas g\u00fcnstig kaufen\" \/>\n<meta name=\"twitter:card\" content=\"summary_large_image\" \/>\n<meta name=\"twitter:label1\" content=\"Gesch\u00e4tzte Lesezeit\" \/>\n\t<meta name=\"twitter:data1\" content=\"1\u00a0Minute\" \/>\n<script type=\"application\/ld+json\" class=\"yoast-schema-graph\">{\"@context\":\"https:\/\/schema.org\",\"@graph\":[{\"@type\":\"WebPage\",\"@id\":\"https:\/\/gasgenial.de\/fluessiggas\/fluessiggasflaschen\",\"url\":\"https:\/\/gasgenial.de\/fluessiggas\/fluessiggasflaschen\",\"name\":\"Fl\u00fcssiggasflaschen - Gasgenial - Fl\u00fcssiggas g\u00fcnstig kaufen\",\"isPartOf\":{\"@id\":\"https:\/\/gasgenial.de\/fluessiggas\/#website\"},\"datePublished\":\"2017-06-07T09:24:56+00:00\",\"breadcrumb\":{\"@id\":\"https:\/\/gasgenial.de\/fluessiggas\/fluessiggasflaschen#breadcrumb\"},\"inLanguage\":\"de\",\"potentialAction\":[{\"@type\":\"ReadAction\",\"target\":[\"https:\/\/gasgenial.de\/fluessiggas\/fluessiggasflaschen\"]}]},{\"@type\":\"BreadcrumbList\",\"@id\":\"https:\/\/gasgenial.de\/fluessiggas\/fluessiggasflaschen#breadcrumb\",\"itemListElement\":[{\"@type\":\"ListItem\",\"position\":1,\"name\":\"Startseite\",\"item\":\"https:\/\/gasgenial.de\/fluessiggas\/\"},{\"@type\":\"ListItem\",\"position\":2,\"name\":\"Fl\u00fcssiggasflaschen\"}]},{\"@type\":\"WebSite\",\"@id\":\"https:\/\/gasgenial.de\/fluessiggas\/#website\",\"url\":\"https:\/\/gasgenial.de\/fluessiggas\/\",\"name\":\"Gasgenial - Fl\u00fcssiggas g\u00fcnstig kaufen\",\"description\":\"Fl\u00fcssiggas und Fl\u00fcssiggastanks f\u00fcr Privat und Gewerbe\",\"potentialAction\":[{\"@type\":\"SearchAction\",\"target\":{\"@type\":\"EntryPoint\",\"urlTemplate\":\"https:\/\/gasgenial.de\/fluessiggas\/?s={search_term_string}\"},\"query-input\":{\"@type\":\"PropertyValueSpecification\",\"valueRequired\":true,\"valueName\":\"search_term_string\"}}],\"inLanguage\":\"de\"}]}<\/script>\n<!-- \/ Yoast SEO plugin. -->","yoast_head_json":{"title":"Fl\u00fcssiggasflaschen - Gasgenial - Fl\u00fcssiggas g\u00fcnstig kaufen","robots":{"index":"index","follow":"follow","max-snippet":"max-snippet:-1","max-image-preview":"max-image-preview:large","max-video-preview":"max-video-preview:-1"},"canonical":"https:\/\/gasgenial.de\/fluessiggas\/fluessiggasflaschen","og_locale":"de_DE","og_type":"article","og_title":"Fl\u00fcssiggasflaschen - Gasgenial - Fl\u00fcssiggas g\u00fcnstig kaufen","og_description":"F\u00fcr den kurzfristigen Bedarf von Fl\u00fcssiggas, k\u00f6nnen Fl\u00fcssiggasflaschen verwendet werden. Fl\u00fcssiggasflaschen sind ideal f\u00fcr die...","og_url":"https:\/\/gasgenial.de\/fluessiggas\/fluessiggasflaschen","og_site_name":"Gasgenial - Fl\u00fcssiggas g\u00fcnstig kaufen","twitter_card":"summary_large_image","twitter_misc":{"Gesch\u00e4tzte Lesezeit":"1\u00a0Minute"},"schema":{"@context":"https:\/\/schema.org","@graph":[{"@type":"WebPage","@id":"https:\/\/gasgenial.de\/fluessiggas\/fluessiggasflaschen","url":"https:\/\/gasgenial.de\/fluessiggas\/fluessiggasflaschen","name":"Fl\u00fcssiggasflaschen - Gasgenial - Fl\u00fcssiggas g\u00fcnstig kaufen","isPartOf":{"@id":"https:\/\/gasgenial.de\/fluessiggas\/#website"},"datePublished":"2017-06-07T09:24:56+00:00","breadcrumb":{"@id":"https:\/\/gasgenial.de\/fluessiggas\/fluessiggasflaschen#breadcrumb"},"inLanguage":"de","potentialAction":[{"@type":"ReadAction","target":["https:\/\/gasgenial.de\/fluessiggas\/fluessiggasflaschen"]}]},{"@type":"BreadcrumbList","@id":"https:\/\/gasgenial.de\/fluessiggas\/fluessiggasflaschen#breadcrumb","itemListElement":[{"@type":"ListItem","position":1,"name":"Startseite","item":"https:\/\/gasgenial.de\/fluessiggas\/"},{"@type":"ListItem","position":2,"name":"Fl\u00fcssiggasflaschen"}]},{"@type":"WebSite","@id":"https:\/\/gasgenial.de\/fluessiggas\/#website","url":"https:\/\/gasgenial.de\/fluessiggas\/","name":"Gasgenial - Fl\u00fcssiggas g\u00fcnstig kaufen","description":"Fl\u00fcssiggas und Fl\u00fcssiggastanks f\u00fcr Privat und Gewerbe","potentialAction":[{"@type":"SearchAction","target":{"@type":"EntryPoint","urlTemplate":"https:\/\/gasgenial.de\/fluessiggas\/?s={search_term_string}"},"query-input":{"@type":"PropertyValueSpecification","valueRequired":true,"valueName":"search_term_string"}}],"inLanguage":"de"}]}},"_links":{"self":[{"href":"https:\/\/gasgenial.de\/fluessiggas\/wp-json\/wp\/v2\/pages\/9700","targetHints":{"allow":["GET"]}}],"collection":[{"href":"https:\/\/gasgenial.de\/fluessiggas\/wp-json\/wp\/v2\/pages"}],"about":[{"href":"https:\/\/gasgenial.de\/fluessiggas\/wp-json\/wp\/v2\/types\/page"}],"author":[{"embeddable":true,"href":"https:\/\/gasgenial.de\/fluessiggas\/wp-json\/wp\/v2\/users\/2"}],"replies":[{"embeddable":true,"href":"https:\/\/gasgenial.de\/fluessiggas\/wp-json\/wp\/v2\/comments?post=9700"}],"version-history":[{"count":0,"href":"https:\/\/gasgenial.de\/fluessiggas\/wp-json\/wp\/v2\/pages\/9700\/revisions"}],"wp:attachment":[{"href":"https:\/\/gasgenial.de\/fluessiggas\/wp-json\/wp\/v2\/media?parent=9700"}],"curies":[{"name":"wp","href":"https:\/\/api.w.org\/{rel}","templated":true}]}}