{"id":9641,"date":"2017-06-07T10:56:02","date_gmt":"2017-06-07T08:56:02","guid":{"rendered":"http:\/\/gasgenial.de\/fluessiggas\/?page_id=9641"},"modified":"2017-06-07T10:56:02","modified_gmt":"2017-06-07T08:56:02","slug":"autogas","status":"publish","type":"page","link":"https:\/\/gasgenial.de\/fluessiggas\/autogas","title":{"rendered":"Autogas"},"content":{"rendered":"<p>Autogas ist ein Gemisch aus Propan und Butan. Je nach Jahreszeit wird das Verh\u00e4ltnis der beiden Gase angepasst.<\/p>\n<p>In Deutschland gibt es bereits ca. 6.700 Autogas Tankstellen und ca. 475.000 Nutzer von Autogas.<br \/>\nWeltweit gibt es derzeit ca. 4 Millionen Fl\u00fcssiggas betriebene Fahrzeuge und \u00fcber 22.000 Tankstellen die Fl\u00fcssiggas anbieten.<\/p>\n<p>Die Nutzung von Fl\u00fcssiggas als Treibstoff ist allerdings keine Neuheit. Denn schon in den 1920er wurden die ersten Fl\u00fcssiggasbetriebenen Autos in den USA gebaut.<br \/>\nAb 1960 wurde die Verwendung von Fl\u00fcssiggas auch in Deutschland, und vor allem in den Niederlanden und Italien, popul\u00e4r.<br \/>\nMittlerweile sind rund die H\u00e4lfte aller gebauten Autogasbetriebenen Fahrzeuge in Europa unterwegs. Die Kosten f\u00fcr einen Umbau des Autos auf Fl\u00fcssiggasbetrieb, bewegen sich zwischen 1200 und 3000 Euro. Da Autogas allerdings deutlich g\u00fcnstiger ist als Benzin- oder Dieselkraftstoff, amortisieren sich die Kosten, je nach Nutzung des Fahrzeuges, bereits innerhalb von wenigen Jahren. Der g\u00fcnstige Preis und die Umweltfreundlichkeit machen daher Autogas f\u00fcr immer mehr Autofahrer attraktiv.<\/p>\n","protected":false},"excerpt":{"rendered":"<p>Autogas ist ein Gemisch aus Propan und Butan. Je nach Jahreszeit wird das Verh\u00e4ltnis der&#8230;<\/p>\n","protected":false},"author":2,"featured_media":0,"parent":0,"menu_order":0,"comment_status":"open","ping_status":"open","template":"","meta":{"footnotes":""},"class_list":["post-9641","page","type-page","status-publish","hentry"],"yoast_head":"<!-- This site is optimized with the Yoast SEO plugin v26.2 - https:\/\/yoast.com\/wordpress\/plugins\/seo\/ -->\n<title>Autogas - Gasgenial - Fl\u00fcssiggas g\u00fcnstig kaufen<\/title>\n<meta name=\"robots\" content=\"index, follow, max-snippet:-1, max-image-preview:large, max-video-preview:-1\" \/>\n<link rel=\"canonical\" href=\"https:\/\/gasgenial.de\/fluessiggas\/autogas\" \/>\n<meta property=\"og:locale\" content=\"de_DE\" \/>\n<meta property=\"og:type\" content=\"article\" \/>\n<meta property=\"og:title\" content=\"Autogas - Gasgenial - Fl\u00fcssiggas g\u00fcnstig kaufen\" \/>\n<meta property=\"og:description\" content=\"Autogas ist ein Gemisch aus Propan und Butan. Je nach Jahreszeit wird das Verh\u00e4ltnis der...\" \/>\n<meta property=\"og:url\" content=\"https:\/\/gasgenial.de\/fluessiggas\/autogas\" \/>\n<meta property=\"og:site_name\" content=\"Gasgenial - Fl\u00fcssiggas g\u00fcnstig kaufen\" \/>\n<meta name=\"twitter:card\" content=\"summary_large_image\" \/>\n<meta name=\"twitter:label1\" content=\"Gesch\u00e4tzte Lesezeit\" \/>\n\t<meta name=\"twitter:data1\" content=\"1\u00a0Minute\" \/>\n<script type=\"application\/ld+json\" class=\"yoast-schema-graph\">{\"@context\":\"https:\/\/schema.org\",\"@graph\":[{\"@type\":\"WebPage\",\"@id\":\"https:\/\/gasgenial.de\/fluessiggas\/autogas\",\"url\":\"https:\/\/gasgenial.de\/fluessiggas\/autogas\",\"name\":\"Autogas - Gasgenial - Fl\u00fcssiggas g\u00fcnstig kaufen\",\"isPartOf\":{\"@id\":\"https:\/\/gasgenial.de\/fluessiggas\/#website\"},\"datePublished\":\"2017-06-07T08:56:02+00:00\",\"breadcrumb\":{\"@id\":\"https:\/\/gasgenial.de\/fluessiggas\/autogas#breadcrumb\"},\"inLanguage\":\"de\",\"potentialAction\":[{\"@type\":\"ReadAction\",\"target\":[\"https:\/\/gasgenial.de\/fluessiggas\/autogas\"]}]},{\"@type\":\"BreadcrumbList\",\"@id\":\"https:\/\/gasgenial.de\/fluessiggas\/autogas#breadcrumb\",\"itemListElement\":[{\"@type\":\"ListItem\",\"position\":1,\"name\":\"Startseite\",\"item\":\"https:\/\/gasgenial.de\/fluessiggas\/\"},{\"@type\":\"ListItem\",\"position\":2,\"name\":\"Autogas\"}]},{\"@type\":\"WebSite\",\"@id\":\"https:\/\/gasgenial.de\/fluessiggas\/#website\",\"url\":\"https:\/\/gasgenial.de\/fluessiggas\/\",\"name\":\"Gasgenial - Fl\u00fcssiggas g\u00fcnstig kaufen\",\"description\":\"Fl\u00fcssiggas und Fl\u00fcssiggastanks f\u00fcr Privat und Gewerbe\",\"potentialAction\":[{\"@type\":\"SearchAction\",\"target\":{\"@type\":\"EntryPoint\",\"urlTemplate\":\"https:\/\/gasgenial.de\/fluessiggas\/?s={search_term_string}\"},\"query-input\":{\"@type\":\"PropertyValueSpecification\",\"valueRequired\":true,\"valueName\":\"search_term_string\"}}],\"inLanguage\":\"de\"}]}<\/script>\n<!-- \/ Yoast SEO plugin. -->","yoast_head_json":{"title":"Autogas - Gasgenial - Fl\u00fcssiggas g\u00fcnstig kaufen","robots":{"index":"index","follow":"follow","max-snippet":"max-snippet:-1","max-image-preview":"max-image-preview:large","max-video-preview":"max-video-preview:-1"},"canonical":"https:\/\/gasgenial.de\/fluessiggas\/autogas","og_locale":"de_DE","og_type":"article","og_title":"Autogas - Gasgenial - Fl\u00fcssiggas g\u00fcnstig kaufen","og_description":"Autogas ist ein Gemisch aus Propan und Butan. Je nach Jahreszeit wird das Verh\u00e4ltnis der...","og_url":"https:\/\/gasgenial.de\/fluessiggas\/autogas","og_site_name":"Gasgenial - Fl\u00fcssiggas g\u00fcnstig kaufen","twitter_card":"summary_large_image","twitter_misc":{"Gesch\u00e4tzte Lesezeit":"1\u00a0Minute"},"schema":{"@context":"https:\/\/schema.org","@graph":[{"@type":"WebPage","@id":"https:\/\/gasgenial.de\/fluessiggas\/autogas","url":"https:\/\/gasgenial.de\/fluessiggas\/autogas","name":"Autogas - Gasgenial - Fl\u00fcssiggas g\u00fcnstig kaufen","isPartOf":{"@id":"https:\/\/gasgenial.de\/fluessiggas\/#website"},"datePublished":"2017-06-07T08:56:02+00:00","breadcrumb":{"@id":"https:\/\/gasgenial.de\/fluessiggas\/autogas#breadcrumb"},"inLanguage":"de","potentialAction":[{"@type":"ReadAction","target":["https:\/\/gasgenial.de\/fluessiggas\/autogas"]}]},{"@type":"BreadcrumbList","@id":"https:\/\/gasgenial.de\/fluessiggas\/autogas#breadcrumb","itemListElement":[{"@type":"ListItem","position":1,"name":"Startseite","item":"https:\/\/gasgenial.de\/fluessiggas\/"},{"@type":"ListItem","position":2,"name":"Autogas"}]},{"@type":"WebSite","@id":"https:\/\/gasgenial.de\/fluessiggas\/#website","url":"https:\/\/gasgenial.de\/fluessiggas\/","name":"Gasgenial - Fl\u00fcssiggas g\u00fcnstig kaufen","description":"Fl\u00fcssiggas und Fl\u00fcssiggastanks f\u00fcr Privat und Gewerbe","potentialAction":[{"@type":"SearchAction","target":{"@type":"EntryPoint","urlTemplate":"https:\/\/gasgenial.de\/fluessiggas\/?s={search_term_string}"},"query-input":{"@type":"PropertyValueSpecification","valueRequired":true,"valueName":"search_term_string"}}],"inLanguage":"de"}]}},"_links":{"self":[{"href":"https:\/\/gasgenial.de\/fluessiggas\/wp-json\/wp\/v2\/pages\/9641","targetHints":{"allow":["GET"]}}],"collection":[{"href":"https:\/\/gasgenial.de\/fluessiggas\/wp-json\/wp\/v2\/pages"}],"about":[{"href":"https:\/\/gasgenial.de\/fluessiggas\/wp-json\/wp\/v2\/types\/page"}],"author":[{"embeddable":true,"href":"https:\/\/gasgenial.de\/fluessiggas\/wp-json\/wp\/v2\/users\/2"}],"replies":[{"embeddable":true,"href":"https:\/\/gasgenial.de\/fluessiggas\/wp-json\/wp\/v2\/comments?post=9641"}],"version-history":[{"count":0,"href":"https:\/\/gasgenial.de\/fluessiggas\/wp-json\/wp\/v2\/pages\/9641\/revisions"}],"wp:attachment":[{"href":"https:\/\/gasgenial.de\/fluessiggas\/wp-json\/wp\/v2\/media?parent=9641"}],"curies":[{"name":"wp","href":"https:\/\/api.w.org\/{rel}","templated":true}]}}