{"id":9636,"date":"2017-06-07T10:49:05","date_gmt":"2017-06-07T08:49:05","guid":{"rendered":"http:\/\/gasgenial.de\/fluessiggas\/?page_id=9636"},"modified":"2017-06-07T10:49:05","modified_gmt":"2017-06-07T08:49:05","slug":"aeussere-pruefung","status":"publish","type":"page","link":"https:\/\/gasgenial.de\/fluessiggas\/aeussere-pruefung","title":{"rendered":"\u00c4u\u00dfere Pr\u00fcfung"},"content":{"rendered":"<p>Die \u00c4u\u00dfere Pr\u00fcfung, auch Sichtpr\u00fcfung genannt, muss alle zwei Jahre gemacht werden. Dabei wird der Fl\u00fcssiggastank von au\u00dfen auf Rost, Undichtigkeiten und Besch\u00e4digungen gepr\u00fcft. Die \u00c4u\u00dfere Pr\u00fcfung darf nur durch eine bef\u00e4higte Person nach der Betriebssicherheitsverordnung (BetrSichV) durchgef\u00fchrt werden und muss regelm\u00e4\u00dfig erfolgen.<br \/>\nSie wird meist im Rahmen der Fl\u00fcssiggaslieferung durchgef\u00fchrt.<\/p>\n","protected":false},"excerpt":{"rendered":"<p>Die \u00c4u\u00dfere Pr\u00fcfung, auch Sichtpr\u00fcfung genannt, muss alle zwei Jahre gemacht werden. Dabei wird der&#8230;<\/p>\n","protected":false},"author":2,"featured_media":0,"parent":0,"menu_order":0,"comment_status":"open","ping_status":"open","template":"","meta":{"footnotes":""},"class_list":["post-9636","page","type-page","status-publish","hentry"],"yoast_head":"<!-- This site is optimized with the Yoast SEO plugin v26.2 - https:\/\/yoast.com\/wordpress\/plugins\/seo\/ -->\n<title>\u00c4u\u00dfere Pr\u00fcfung - Gasgenial - Fl\u00fcssiggas g\u00fcnstig kaufen<\/title>\n<meta name=\"robots\" content=\"index, follow, max-snippet:-1, max-image-preview:large, max-video-preview:-1\" \/>\n<link rel=\"canonical\" href=\"https:\/\/gasgenial.de\/fluessiggas\/aeussere-pruefung\" \/>\n<meta property=\"og:locale\" content=\"de_DE\" \/>\n<meta property=\"og:type\" content=\"article\" \/>\n<meta property=\"og:title\" content=\"\u00c4u\u00dfere Pr\u00fcfung - Gasgenial - Fl\u00fcssiggas g\u00fcnstig kaufen\" \/>\n<meta property=\"og:description\" content=\"Die \u00c4u\u00dfere Pr\u00fcfung, auch Sichtpr\u00fcfung genannt, muss alle zwei Jahre gemacht werden. Dabei wird der...\" \/>\n<meta property=\"og:url\" content=\"https:\/\/gasgenial.de\/fluessiggas\/aeussere-pruefung\" \/>\n<meta property=\"og:site_name\" content=\"Gasgenial - Fl\u00fcssiggas g\u00fcnstig kaufen\" \/>\n<meta name=\"twitter:card\" content=\"summary_large_image\" \/>\n<script type=\"application\/ld+json\" class=\"yoast-schema-graph\">{\"@context\":\"https:\/\/schema.org\",\"@graph\":[{\"@type\":\"WebPage\",\"@id\":\"https:\/\/gasgenial.de\/fluessiggas\/aeussere-pruefung\",\"url\":\"https:\/\/gasgenial.de\/fluessiggas\/aeussere-pruefung\",\"name\":\"\u00c4u\u00dfere Pr\u00fcfung - Gasgenial - Fl\u00fcssiggas g\u00fcnstig kaufen\",\"isPartOf\":{\"@id\":\"https:\/\/gasgenial.de\/fluessiggas\/#website\"},\"datePublished\":\"2017-06-07T08:49:05+00:00\",\"breadcrumb\":{\"@id\":\"https:\/\/gasgenial.de\/fluessiggas\/aeussere-pruefung#breadcrumb\"},\"inLanguage\":\"de\",\"potentialAction\":[{\"@type\":\"ReadAction\",\"target\":[\"https:\/\/gasgenial.de\/fluessiggas\/aeussere-pruefung\"]}]},{\"@type\":\"BreadcrumbList\",\"@id\":\"https:\/\/gasgenial.de\/fluessiggas\/aeussere-pruefung#breadcrumb\",\"itemListElement\":[{\"@type\":\"ListItem\",\"position\":1,\"name\":\"Startseite\",\"item\":\"https:\/\/gasgenial.de\/fluessiggas\/\"},{\"@type\":\"ListItem\",\"position\":2,\"name\":\"\u00c4u\u00dfere Pr\u00fcfung\"}]},{\"@type\":\"WebSite\",\"@id\":\"https:\/\/gasgenial.de\/fluessiggas\/#website\",\"url\":\"https:\/\/gasgenial.de\/fluessiggas\/\",\"name\":\"Gasgenial - Fl\u00fcssiggas g\u00fcnstig kaufen\",\"description\":\"Fl\u00fcssiggas und Fl\u00fcssiggastanks f\u00fcr Privat und Gewerbe\",\"potentialAction\":[{\"@type\":\"SearchAction\",\"target\":{\"@type\":\"EntryPoint\",\"urlTemplate\":\"https:\/\/gasgenial.de\/fluessiggas\/?s={search_term_string}\"},\"query-input\":{\"@type\":\"PropertyValueSpecification\",\"valueRequired\":true,\"valueName\":\"search_term_string\"}}],\"inLanguage\":\"de\"}]}<\/script>\n<!-- \/ Yoast SEO plugin. -->","yoast_head_json":{"title":"\u00c4u\u00dfere Pr\u00fcfung - Gasgenial - Fl\u00fcssiggas g\u00fcnstig kaufen","robots":{"index":"index","follow":"follow","max-snippet":"max-snippet:-1","max-image-preview":"max-image-preview:large","max-video-preview":"max-video-preview:-1"},"canonical":"https:\/\/gasgenial.de\/fluessiggas\/aeussere-pruefung","og_locale":"de_DE","og_type":"article","og_title":"\u00c4u\u00dfere Pr\u00fcfung - Gasgenial - Fl\u00fcssiggas g\u00fcnstig kaufen","og_description":"Die \u00c4u\u00dfere Pr\u00fcfung, auch Sichtpr\u00fcfung genannt, muss alle zwei Jahre gemacht werden. Dabei wird der...","og_url":"https:\/\/gasgenial.de\/fluessiggas\/aeussere-pruefung","og_site_name":"Gasgenial - Fl\u00fcssiggas g\u00fcnstig kaufen","twitter_card":"summary_large_image","schema":{"@context":"https:\/\/schema.org","@graph":[{"@type":"WebPage","@id":"https:\/\/gasgenial.de\/fluessiggas\/aeussere-pruefung","url":"https:\/\/gasgenial.de\/fluessiggas\/aeussere-pruefung","name":"\u00c4u\u00dfere Pr\u00fcfung - Gasgenial - Fl\u00fcssiggas g\u00fcnstig kaufen","isPartOf":{"@id":"https:\/\/gasgenial.de\/fluessiggas\/#website"},"datePublished":"2017-06-07T08:49:05+00:00","breadcrumb":{"@id":"https:\/\/gasgenial.de\/fluessiggas\/aeussere-pruefung#breadcrumb"},"inLanguage":"de","potentialAction":[{"@type":"ReadAction","target":["https:\/\/gasgenial.de\/fluessiggas\/aeussere-pruefung"]}]},{"@type":"BreadcrumbList","@id":"https:\/\/gasgenial.de\/fluessiggas\/aeussere-pruefung#breadcrumb","itemListElement":[{"@type":"ListItem","position":1,"name":"Startseite","item":"https:\/\/gasgenial.de\/fluessiggas\/"},{"@type":"ListItem","position":2,"name":"\u00c4u\u00dfere Pr\u00fcfung"}]},{"@type":"WebSite","@id":"https:\/\/gasgenial.de\/fluessiggas\/#website","url":"https:\/\/gasgenial.de\/fluessiggas\/","name":"Gasgenial - Fl\u00fcssiggas g\u00fcnstig kaufen","description":"Fl\u00fcssiggas und Fl\u00fcssiggastanks f\u00fcr Privat und Gewerbe","potentialAction":[{"@type":"SearchAction","target":{"@type":"EntryPoint","urlTemplate":"https:\/\/gasgenial.de\/fluessiggas\/?s={search_term_string}"},"query-input":{"@type":"PropertyValueSpecification","valueRequired":true,"valueName":"search_term_string"}}],"inLanguage":"de"}]}},"_links":{"self":[{"href":"https:\/\/gasgenial.de\/fluessiggas\/wp-json\/wp\/v2\/pages\/9636","targetHints":{"allow":["GET"]}}],"collection":[{"href":"https:\/\/gasgenial.de\/fluessiggas\/wp-json\/wp\/v2\/pages"}],"about":[{"href":"https:\/\/gasgenial.de\/fluessiggas\/wp-json\/wp\/v2\/types\/page"}],"author":[{"embeddable":true,"href":"https:\/\/gasgenial.de\/fluessiggas\/wp-json\/wp\/v2\/users\/2"}],"replies":[{"embeddable":true,"href":"https:\/\/gasgenial.de\/fluessiggas\/wp-json\/wp\/v2\/comments?post=9636"}],"version-history":[{"count":0,"href":"https:\/\/gasgenial.de\/fluessiggas\/wp-json\/wp\/v2\/pages\/9636\/revisions"}],"wp:attachment":[{"href":"https:\/\/gasgenial.de\/fluessiggas\/wp-json\/wp\/v2\/media?parent=9636"}],"curies":[{"name":"wp","href":"https:\/\/api.w.org\/{rel}","templated":true}]}}