{"id":9189,"date":"2015-07-13T14:26:09","date_gmt":"2015-07-13T13:26:09","guid":{"rendered":"http:\/\/www.gazcologne.de\/fluessiggas-kompetenz\/?page_id=6936"},"modified":"2015-07-13T14:26:09","modified_gmt":"2015-07-13T13:26:09","slug":"fluessiggas-und-fluessiggastank-kreis-stendal","status":"publish","type":"page","link":"https:\/\/gasgenial.de\/fluessiggas\/fluessiggas-und-fluessiggastank-kreis-stendal","title":{"rendered":"Fl\u00fcssiggas und Fl\u00fcssiggastank Kreis Stendal"},"content":{"rendered":"<div>\n<div class=\"clearfix\"><!-- ## SEO GENERATED Visual Feedback --><\/p>\n<div id=\"rpsIIQY08YN5FJSO0BM2GVCIC5XM4LVN2O3\" class=\"rad-v-section clearfix\">\n<div id=\"rpcC8B5Q0R9Q5IWR935LI8OFAI90ERRAEC0\" class=\"rad-v-container \">\n<div id=\"rpwA6L7JS4KB46DF0258B8F5II1XI9KNSRN\" class=\"rad-v-widget  \">\n<div class=\"clearfix rad-v-feeder\">\n<div class=\"text-icon vf-icon\"><\/div>\n<div class=\"text-info\">\n<h4 class=\"vf-text_title\"><\/h4>\n<h6 class=\"vf-text_subtitle\"><\/h6>\n<div class=\"vtext vf-text_data\">\n<ul>\n<li>14715 Schollene<\/li>\n<li>39517 Uetz<\/li>\n<li>39517 Uchtdorf<\/li>\n<li>39517 Tangerh\u00fctte<\/li>\n<li>39517 Sch\u00f6nwalde (Altmark)<\/li>\n<li>39517 Schernebeck<\/li>\n<li>39517 Schelldorf<\/li>\n<li>39517 Ringfurth<\/li>\n<li>39517 Kehnert<\/li>\n<li>39517 Jerchel<\/li>\n<li>39517 Weissewarte<\/li>\n<li>39517 Grieben<\/li>\n<li>39517 Cobbel<\/li>\n<li>39517 Buch<\/li>\n<li>39517 B\u00f6lsdorf<\/li>\n<li>39517 Bittkau<\/li>\n<li>39517 Birkholz<\/li>\n<li>39517 L\u00fcderitz<\/li>\n<li>39524 Warnau<\/li>\n<li>39524 Sch\u00f6nhausen (Elbe)<\/li>\n<li>39524 Sch\u00f6nfeld<\/li>\n<li>39524 Sandau (Elbe)<\/li>\n<li>39524 Kuhlhausen<\/li>\n<li>39524 Klietz<\/li>\n<li>39524 Kamern<\/li>\n<li>39524 Hoheng\u00f6hren<\/li>\n<li>39524 Wust<\/li>\n<li>39524 Wulkau<\/li>\n<li>39524 Garz<\/li>\n<li>39524 Fischbeck (Elbe)<\/li>\n<li>39524 Neuermark-L\u00fcbars<\/li>\n<li>39539 Havelberg<\/li>\n<li>39576 Stendal<\/li>\n<li>39579 Uenglingen<\/li>\n<li>39579 Schinne<\/li>\n<li>39579 Schernikau<\/li>\n<li>39579 Sch\u00e4plitz<\/li>\n<li>39579 Rochau<\/li>\n<li>39579 Klein Schwechten<\/li>\n<li>39579 Kl\u00e4den<\/li>\n<li>39579 H\u00fcselitz<\/li>\n<li>39579 Gross Schwechten<\/li>\n<li>39579 Wittenmoor<\/li>\n<li>39579 Windberge<\/li>\n<li>39579 Grobleben<\/li>\n<li>39579 Garlipp<\/li>\n<li>39579 Demker<\/li>\n<li>39579 Dahlen<\/li>\n<li>39579 Buchholz<\/li>\n<li>39579 Querstedt<\/li>\n<li>39579 Bellingen<\/li>\n<li>39579 Badingen<\/li>\n<li>39579 Grassau<\/li>\n<li>39590 Tangerm\u00fcnde<\/li>\n<li>39590 Storkau (Elbe)<\/li>\n<li>39590 Langensalzwedel<\/li>\n<li>39590 Heeren<\/li>\n<li>39590 H\u00e4merten<\/li>\n<li>39590 Miltern<\/li>\n<li>39596 Schwarzholz<\/li>\n<li>39596 Sanne<\/li>\n<li>39596 Jarchau<\/li>\n<li>39596 Hohenberg-Krusemark<\/li>\n<li>39596 Hindenburg<\/li>\n<li>39596 Hassel<\/li>\n<\/ul>\n<h2><a title=\"Kontakt\" href=\"https:\/\/gasgenial.de\/fluessiggas\/kontakt\">Preisanfrage Fl\u00fcssiggas oder Fl\u00fcssiggastank<\/a><\/h2>\n<\/div>\n<\/div>\n<\/div>\n<\/div>\n<\/div>\n<div id=\"rpcFL10GXDPHBSQ331APEBG1HUOJYG7EWUN\" class=\"rad-v-container \">\n<div id=\"rpwURQ2CXOCXN5G7NI4328K2UT86RA2ALEB\" class=\"rad-v-widget  \">\n<div class=\"clearfix rad-v-feeder\">\n<div class=\"text-icon vf-icon\"><\/div>\n<div class=\"text-info\">\n<h4 class=\"vf-text_title\"><\/h4>\n<h6 class=\"vf-text_subtitle\"><\/h6>\n<div class=\"vtext vf-text_data\">\n<div class=\" four columns mobile-four \">\n<div class=\"mvb_inner_wrapper\" data-speed=\"1\" data-offsety=\"0\" data-type=\"background\">\n<div class=\"module module-text  \">\n<div class=\"textwidget \">\n<div id=\"c14962\" class=\"csc-default\">\n<div class=\"fce_list_body\">\n<ul>\n<li>39596 Eichstedt (Altmark)<\/li>\n<li>39596 Lindtorf<\/li>\n<li>39596 Bertkow<\/li>\n<li>39596 Arneburg<\/li>\n<li>39596 Altenzaun<\/li>\n<li>39596 Beelitz<\/li>\n<li>39596 Baben<\/li>\n<li>39596 Goldbeck<\/li>\n<li>39599 Volgfelde<\/li>\n<li>39599 Vinzelberg<\/li>\n<li>39599 Uchtspringe<\/li>\n<li>39599 Steinfeld (Altmark)<\/li>\n<li>39599 Staats<\/li>\n<li>39599 K\u00e4then<\/li>\n<li>39599 Insel<\/li>\n<li>39599 Nahrstedt<\/li>\n<li>39599 M\u00f6ringen<\/li>\n<li>39606 Walsleben<\/li>\n<li>39606 Schorstedt<\/li>\n<li>39606 Sandauerholz<\/li>\n<li>39606 Rossau<\/li>\n<li>39606 Krevese<\/li>\n<li>39606 Kossebau<\/li>\n<li>39606 K\u00f6nigsmark<\/li>\n<li>39606 Iden<\/li>\n<li>39606 Hohenwulsch<\/li>\n<li>39606 Heiligenfelde<\/li>\n<li>39606 Gagel<\/li>\n<li>39606 Flessau<\/li>\n<li>39606 Erxleben<\/li>\n<li>39606 D\u00fcsedau<\/li>\n<li>39606 Dobberkau<\/li>\n<li>39606 Bretsch<\/li>\n<li>39606 Boock<\/li>\n<li>39606 Osterburg<\/li>\n<li>39606 Meseberg<\/li>\n<li>39606 L\u00fcckstedt<\/li>\n<li>39606 Gladigau<\/li>\n<li>39606 Behrendorf<\/li>\n<li>39606 Ballerstedt<\/li>\n<li>39615 Wanzer<\/li>\n<li>39615 Wahrenberg<\/li>\n<li>39615 Seehausen<\/li>\n<li>39615 Sch\u00f6nberg<\/li>\n<li>39615 Kr\u00fcden<\/li>\n<li>39615 Werben (Elbe)<\/li>\n<li>39615 Wendemark<\/li>\n<li>39615 Gross Garz<\/li>\n<li>39615 Geestgottberg<\/li>\n<li>39615 Falkenberg<\/li>\n<li>39615 Beuster<\/li>\n<li>39615 Pollitz<\/li>\n<li>39615 Neukirchen (Altmark)<\/li>\n<li>39615 Losse<\/li>\n<li>39615 Losenrade<\/li>\n<li>39615 Lichterfelde<\/li>\n<li>39615 Aulosen<\/li>\n<li>39615 Gollensdorf<\/li>\n<li>39624 Kremkau<\/li>\n<li>39624 B\u00fcste<\/li>\n<li>39624 Messdorf<\/li>\n<li>39624 Berkau<\/li>\n<li>39629 K\u00f6nnigde<\/li>\n<li>39629 Holzhausen<\/li>\n<li>39629 Bismark (Altmark)<\/li>\n<\/ul>\n<p>&nbsp;<\/p>\n<p>&nbsp;<\/p>\n<\/div>\n<\/div>\n<\/div>\n<\/div>\n<\/div>\n<\/div>\n<\/div>\n<\/div>\n<\/div>\n<\/div>\n<\/div>\n<\/div>\n<\/div>\n<\/div>\n<p><!-- ## AUTO GENERATED Visual Feedback --><\/p>\n","protected":false},"excerpt":{"rendered":"<p>14715 Schollene 39517 Uetz 39517 Uchtdorf 39517 Tangerh\u00fctte 39517 Sch\u00f6nwalde (Altmark) 39517 Schernebeck 39517 Schelldorf&#8230;<\/p>\n","protected":false},"author":2,"featured_media":0,"parent":0,"menu_order":0,"comment_status":"open","ping_status":"open","template":"","meta":{"footnotes":""},"class_list":["post-9189","page","type-page","status-publish","hentry"],"yoast_head":"<!-- This site is optimized with the Yoast SEO plugin v26.2 - https:\/\/yoast.com\/wordpress\/plugins\/seo\/ -->\n<title>Fl\u00fcssiggas und Fl\u00fcssiggastank Kreis Stendal - Gasgenial - Fl\u00fcssiggas g\u00fcnstig kaufen<\/title>\n<meta name=\"robots\" content=\"index, follow, max-snippet:-1, max-image-preview:large, max-video-preview:-1\" \/>\n<link rel=\"canonical\" href=\"https:\/\/gasgenial.de\/fluessiggas\/fluessiggas-und-fluessiggastank-kreis-stendal\" \/>\n<meta property=\"og:locale\" content=\"de_DE\" \/>\n<meta property=\"og:type\" content=\"article\" \/>\n<meta property=\"og:title\" content=\"Fl\u00fcssiggas und Fl\u00fcssiggastank Kreis Stendal - Gasgenial - Fl\u00fcssiggas g\u00fcnstig kaufen\" \/>\n<meta property=\"og:description\" content=\"14715 Schollene 39517 Uetz 39517 Uchtdorf 39517 Tangerh\u00fctte 39517 Sch\u00f6nwalde (Altmark) 39517 Schernebeck 39517 Schelldorf...\" \/>\n<meta property=\"og:url\" content=\"https:\/\/gasgenial.de\/fluessiggas\/fluessiggas-und-fluessiggastank-kreis-stendal\" \/>\n<meta property=\"og:site_name\" content=\"Gasgenial - Fl\u00fcssiggas g\u00fcnstig kaufen\" \/>\n<meta name=\"twitter:card\" content=\"summary_large_image\" \/>\n<meta name=\"twitter:label1\" content=\"Gesch\u00e4tzte Lesezeit\" \/>\n\t<meta name=\"twitter:data1\" content=\"1\u00a0Minute\" \/>\n<script type=\"application\/ld+json\" class=\"yoast-schema-graph\">{\"@context\":\"https:\/\/schema.org\",\"@graph\":[{\"@type\":\"WebPage\",\"@id\":\"https:\/\/gasgenial.de\/fluessiggas\/fluessiggas-und-fluessiggastank-kreis-stendal\",\"url\":\"https:\/\/gasgenial.de\/fluessiggas\/fluessiggas-und-fluessiggastank-kreis-stendal\",\"name\":\"Fl\u00fcssiggas und Fl\u00fcssiggastank Kreis Stendal - Gasgenial - Fl\u00fcssiggas g\u00fcnstig kaufen\",\"isPartOf\":{\"@id\":\"https:\/\/gasgenial.de\/fluessiggas\/#website\"},\"datePublished\":\"2015-07-13T13:26:09+00:00\",\"breadcrumb\":{\"@id\":\"https:\/\/gasgenial.de\/fluessiggas\/fluessiggas-und-fluessiggastank-kreis-stendal#breadcrumb\"},\"inLanguage\":\"de\",\"potentialAction\":[{\"@type\":\"ReadAction\",\"target\":[\"https:\/\/gasgenial.de\/fluessiggas\/fluessiggas-und-fluessiggastank-kreis-stendal\"]}]},{\"@type\":\"BreadcrumbList\",\"@id\":\"https:\/\/gasgenial.de\/fluessiggas\/fluessiggas-und-fluessiggastank-kreis-stendal#breadcrumb\",\"itemListElement\":[{\"@type\":\"ListItem\",\"position\":1,\"name\":\"Startseite\",\"item\":\"https:\/\/gasgenial.de\/fluessiggas\/\"},{\"@type\":\"ListItem\",\"position\":2,\"name\":\"Fl\u00fcssiggas und Fl\u00fcssiggastank Kreis Stendal\"}]},{\"@type\":\"WebSite\",\"@id\":\"https:\/\/gasgenial.de\/fluessiggas\/#website\",\"url\":\"https:\/\/gasgenial.de\/fluessiggas\/\",\"name\":\"Gasgenial - Fl\u00fcssiggas g\u00fcnstig kaufen\",\"description\":\"Fl\u00fcssiggas und Fl\u00fcssiggastanks f\u00fcr Privat und Gewerbe\",\"potentialAction\":[{\"@type\":\"SearchAction\",\"target\":{\"@type\":\"EntryPoint\",\"urlTemplate\":\"https:\/\/gasgenial.de\/fluessiggas\/?s={search_term_string}\"},\"query-input\":{\"@type\":\"PropertyValueSpecification\",\"valueRequired\":true,\"valueName\":\"search_term_string\"}}],\"inLanguage\":\"de\"}]}<\/script>\n<!-- \/ Yoast SEO plugin. -->","yoast_head_json":{"title":"Fl\u00fcssiggas und Fl\u00fcssiggastank Kreis Stendal - Gasgenial - Fl\u00fcssiggas g\u00fcnstig kaufen","robots":{"index":"index","follow":"follow","max-snippet":"max-snippet:-1","max-image-preview":"max-image-preview:large","max-video-preview":"max-video-preview:-1"},"canonical":"https:\/\/gasgenial.de\/fluessiggas\/fluessiggas-und-fluessiggastank-kreis-stendal","og_locale":"de_DE","og_type":"article","og_title":"Fl\u00fcssiggas und Fl\u00fcssiggastank Kreis Stendal - Gasgenial - Fl\u00fcssiggas g\u00fcnstig kaufen","og_description":"14715 Schollene 39517 Uetz 39517 Uchtdorf 39517 Tangerh\u00fctte 39517 Sch\u00f6nwalde (Altmark) 39517 Schernebeck 39517 Schelldorf...","og_url":"https:\/\/gasgenial.de\/fluessiggas\/fluessiggas-und-fluessiggastank-kreis-stendal","og_site_name":"Gasgenial - Fl\u00fcssiggas g\u00fcnstig kaufen","twitter_card":"summary_large_image","twitter_misc":{"Gesch\u00e4tzte Lesezeit":"1\u00a0Minute"},"schema":{"@context":"https:\/\/schema.org","@graph":[{"@type":"WebPage","@id":"https:\/\/gasgenial.de\/fluessiggas\/fluessiggas-und-fluessiggastank-kreis-stendal","url":"https:\/\/gasgenial.de\/fluessiggas\/fluessiggas-und-fluessiggastank-kreis-stendal","name":"Fl\u00fcssiggas und Fl\u00fcssiggastank Kreis Stendal - Gasgenial - Fl\u00fcssiggas g\u00fcnstig kaufen","isPartOf":{"@id":"https:\/\/gasgenial.de\/fluessiggas\/#website"},"datePublished":"2015-07-13T13:26:09+00:00","breadcrumb":{"@id":"https:\/\/gasgenial.de\/fluessiggas\/fluessiggas-und-fluessiggastank-kreis-stendal#breadcrumb"},"inLanguage":"de","potentialAction":[{"@type":"ReadAction","target":["https:\/\/gasgenial.de\/fluessiggas\/fluessiggas-und-fluessiggastank-kreis-stendal"]}]},{"@type":"BreadcrumbList","@id":"https:\/\/gasgenial.de\/fluessiggas\/fluessiggas-und-fluessiggastank-kreis-stendal#breadcrumb","itemListElement":[{"@type":"ListItem","position":1,"name":"Startseite","item":"https:\/\/gasgenial.de\/fluessiggas\/"},{"@type":"ListItem","position":2,"name":"Fl\u00fcssiggas und Fl\u00fcssiggastank Kreis Stendal"}]},{"@type":"WebSite","@id":"https:\/\/gasgenial.de\/fluessiggas\/#website","url":"https:\/\/gasgenial.de\/fluessiggas\/","name":"Gasgenial - Fl\u00fcssiggas g\u00fcnstig kaufen","description":"Fl\u00fcssiggas und Fl\u00fcssiggastanks f\u00fcr Privat und Gewerbe","potentialAction":[{"@type":"SearchAction","target":{"@type":"EntryPoint","urlTemplate":"https:\/\/gasgenial.de\/fluessiggas\/?s={search_term_string}"},"query-input":{"@type":"PropertyValueSpecification","valueRequired":true,"valueName":"search_term_string"}}],"inLanguage":"de"}]}},"_links":{"self":[{"href":"https:\/\/gasgenial.de\/fluessiggas\/wp-json\/wp\/v2\/pages\/9189","targetHints":{"allow":["GET"]}}],"collection":[{"href":"https:\/\/gasgenial.de\/fluessiggas\/wp-json\/wp\/v2\/pages"}],"about":[{"href":"https:\/\/gasgenial.de\/fluessiggas\/wp-json\/wp\/v2\/types\/page"}],"author":[{"embeddable":true,"href":"https:\/\/gasgenial.de\/fluessiggas\/wp-json\/wp\/v2\/users\/2"}],"replies":[{"embeddable":true,"href":"https:\/\/gasgenial.de\/fluessiggas\/wp-json\/wp\/v2\/comments?post=9189"}],"version-history":[{"count":0,"href":"https:\/\/gasgenial.de\/fluessiggas\/wp-json\/wp\/v2\/pages\/9189\/revisions"}],"wp:attachment":[{"href":"https:\/\/gasgenial.de\/fluessiggas\/wp-json\/wp\/v2\/media?parent=9189"}],"curies":[{"name":"wp","href":"https:\/\/api.w.org\/{rel}","templated":true}]}}