{"id":9162,"date":"2015-06-30T08:23:39","date_gmt":"2015-06-30T07:23:39","guid":{"rendered":"http:\/\/www.gazcologne.de\/fluessiggas-kompetenz\/?page_id=6329"},"modified":"2015-06-30T08:23:39","modified_gmt":"2015-06-30T07:23:39","slug":"fluessiggas-und-fluessiggastank-vogtlandkreis","status":"publish","type":"page","link":"https:\/\/gasgenial.de\/fluessiggas\/fluessiggas-und-fluessiggastank-vogtlandkreis","title":{"rendered":"Fl\u00fcssiggas und Fl\u00fcssiggastank Vogtlandkreis"},"content":{"rendered":"<div>\n<div class=\"clearfix\"><!-- ## SEO GENERATED Visual Feedback --><\/p>\n<div id=\"rpsBK8969VSINCCIFUNNEAY7N2KMYWWQP1I\" class=\"rad-v-section clearfix\">\n<div id=\"rpcW2CF1EQ1HMHGT3U7DYNHXATAH7C3E5FW\" class=\"rad-v-container \">\n<div id=\"rpwBMAYW2TPV8HVKF05G6GYJU6EPEWXMA49\" class=\"rad-v-widget  \">\n<div class=\"clearfix rad-v-feeder\">\n<div class=\"text-icon vf-icon\"><\/div>\n<div class=\"text-info\">\n<h4 class=\"vf-text_title\"><\/h4>\n<h6 class=\"vf-text_subtitle\"><\/h6>\n<div class=\"vtext vf-text_data\">\n<div class=\" four columns mobile-four \">\n<div class=\"mvb_inner_wrapper\" data-speed=\"1\" data-offsety=\"0\" data-type=\"background\">\n<div class=\"module module-text  \">\n<div class=\"textwidget \">\n<div id=\"c15988\" class=\"csc-default\">\n<div class=\"fce_list_body\">\n<ul>\n<li>07919 M\u00fchltroff<\/li>\n<li>07952 Pausa<\/li>\n<li>07985 Elsterberg<\/li>\n<li>08209 Auerbach\/Vogtland<\/li>\n<li>08223 Gr\u00fcnbach<\/li>\n<li>08223 Werda<\/li>\n<li>08223 Falkenstein\/Vogtland<\/li>\n<li>08223 Neustadt\/Vogtland<\/li>\n<li>08228 Rodewisch<\/li>\n<li>08233 Treuen<\/li>\n<li>08236 Ellefeld<\/li>\n<li>08237 Steinberg<\/li>\n<li>08239 Bergen<\/li>\n<li>08248 Klingenthal\/Sachsen<\/li>\n<li>08258 Markneukirchen<\/li>\n<li>08261 Sch\u00f6neck\/Vogtland<\/li>\n<li>08262 Tannenbergsthal\/Vogtland<\/li>\n<li>08262 Morgenr\u00f6the-Rautenkranz<\/li>\n<li>08265 Erlbach<\/li>\n<li>08267 Zwota<\/li>\n<li>08269 Hammerbr\u00fccke<\/li>\n<li>08412 Leubnitz<\/li>\n<li>08468 Reichenbach\/Vogtland<\/li>\n<li>08468 Heinsdorfergrund<\/li>\n<li>08485 Lengenfeld<\/li>\n<li>08491 Netzschkau<\/li>\n<li>08491 Limbach<\/li>\n<li>08496 Neumark<\/li>\n<li>08499 Mylau<\/li>\n<li>08538 Reuth<\/li>\n<li>08538 Burgstein<\/li>\n<li>08538 Weischlitz<\/li>\n<li>08539 Mehltheuer<\/li>\n<li>08541 Theuma<\/li>\n<li>08541 Neuensalz<\/li>\n<li>08543 P\u00f6hl<\/li>\n<li>08548 Syrau<\/li>\n<li>08606 B\u00f6senbrunn<\/li>\n<li>08606 Triebel\/Vogtland<\/li>\n<li>08606 M\u00fchlental<\/li>\n<li>08606 Oelsnitz<\/li>\n<li>08606 Tirpersdorf<\/li>\n<li>08626 Eichigt<\/li>\n<li>08626 Adorf<\/li>\n<li>08645 Bad Elster<\/li>\n<li>08648 Bad Brambach<\/li>\n<\/ul>\n<p>&nbsp;<\/p>\n<h2><a title=\"Kontakt\" href=\"https:\/\/gasgenial.de\/fluessiggas\/kontakt\">Preisanfrage Fl\u00fcssiggas oder Fl\u00fcssiggastank<\/a><\/h2>\n<\/div>\n<\/div>\n<\/div>\n<\/div>\n<\/div>\n<\/div>\n<\/div>\n<\/div>\n<\/div>\n<\/div>\n<\/div>\n<\/div>\n<\/div>\n<\/div>\n<p><!-- ## AUTO GENERATED Visual Feedback --><\/p>\n","protected":false},"excerpt":{"rendered":"<p>07919 M\u00fchltroff 07952 Pausa 07985 Elsterberg 08209 Auerbach\/Vogtland 08223 Gr\u00fcnbach 08223 Werda 08223 Falkenstein\/Vogtland 08223&#8230;<\/p>\n","protected":false},"author":2,"featured_media":0,"parent":0,"menu_order":0,"comment_status":"open","ping_status":"open","template":"","meta":{"footnotes":""},"class_list":["post-9162","page","type-page","status-publish","hentry"],"yoast_head":"<!-- This site is optimized with the Yoast SEO plugin v26.2 - https:\/\/yoast.com\/wordpress\/plugins\/seo\/ -->\n<title>Fl\u00fcssiggas und Fl\u00fcssiggastank Vogtlandkreis - Gasgenial - Fl\u00fcssiggas g\u00fcnstig kaufen<\/title>\n<meta name=\"robots\" content=\"index, follow, max-snippet:-1, max-image-preview:large, max-video-preview:-1\" \/>\n<link rel=\"canonical\" href=\"https:\/\/gasgenial.de\/fluessiggas\/fluessiggas-und-fluessiggastank-vogtlandkreis\" \/>\n<meta property=\"og:locale\" content=\"de_DE\" \/>\n<meta property=\"og:type\" content=\"article\" \/>\n<meta property=\"og:title\" content=\"Fl\u00fcssiggas und Fl\u00fcssiggastank Vogtlandkreis - Gasgenial - Fl\u00fcssiggas g\u00fcnstig kaufen\" \/>\n<meta property=\"og:description\" content=\"07919 M\u00fchltroff 07952 Pausa 07985 Elsterberg 08209 Auerbach\/Vogtland 08223 Gr\u00fcnbach 08223 Werda 08223 Falkenstein\/Vogtland 08223...\" \/>\n<meta property=\"og:url\" content=\"https:\/\/gasgenial.de\/fluessiggas\/fluessiggas-und-fluessiggastank-vogtlandkreis\" \/>\n<meta property=\"og:site_name\" content=\"Gasgenial - Fl\u00fcssiggas g\u00fcnstig kaufen\" \/>\n<meta name=\"twitter:card\" content=\"summary_large_image\" \/>\n<script type=\"application\/ld+json\" class=\"yoast-schema-graph\">{\"@context\":\"https:\/\/schema.org\",\"@graph\":[{\"@type\":\"WebPage\",\"@id\":\"https:\/\/gasgenial.de\/fluessiggas\/fluessiggas-und-fluessiggastank-vogtlandkreis\",\"url\":\"https:\/\/gasgenial.de\/fluessiggas\/fluessiggas-und-fluessiggastank-vogtlandkreis\",\"name\":\"Fl\u00fcssiggas und Fl\u00fcssiggastank Vogtlandkreis - Gasgenial - Fl\u00fcssiggas g\u00fcnstig kaufen\",\"isPartOf\":{\"@id\":\"https:\/\/gasgenial.de\/fluessiggas\/#website\"},\"datePublished\":\"2015-06-30T07:23:39+00:00\",\"breadcrumb\":{\"@id\":\"https:\/\/gasgenial.de\/fluessiggas\/fluessiggas-und-fluessiggastank-vogtlandkreis#breadcrumb\"},\"inLanguage\":\"de\",\"potentialAction\":[{\"@type\":\"ReadAction\",\"target\":[\"https:\/\/gasgenial.de\/fluessiggas\/fluessiggas-und-fluessiggastank-vogtlandkreis\"]}]},{\"@type\":\"BreadcrumbList\",\"@id\":\"https:\/\/gasgenial.de\/fluessiggas\/fluessiggas-und-fluessiggastank-vogtlandkreis#breadcrumb\",\"itemListElement\":[{\"@type\":\"ListItem\",\"position\":1,\"name\":\"Startseite\",\"item\":\"https:\/\/gasgenial.de\/fluessiggas\/\"},{\"@type\":\"ListItem\",\"position\":2,\"name\":\"Fl\u00fcssiggas und Fl\u00fcssiggastank Vogtlandkreis\"}]},{\"@type\":\"WebSite\",\"@id\":\"https:\/\/gasgenial.de\/fluessiggas\/#website\",\"url\":\"https:\/\/gasgenial.de\/fluessiggas\/\",\"name\":\"Gasgenial - Fl\u00fcssiggas g\u00fcnstig kaufen\",\"description\":\"Fl\u00fcssiggas und Fl\u00fcssiggastanks f\u00fcr Privat und Gewerbe\",\"potentialAction\":[{\"@type\":\"SearchAction\",\"target\":{\"@type\":\"EntryPoint\",\"urlTemplate\":\"https:\/\/gasgenial.de\/fluessiggas\/?s={search_term_string}\"},\"query-input\":{\"@type\":\"PropertyValueSpecification\",\"valueRequired\":true,\"valueName\":\"search_term_string\"}}],\"inLanguage\":\"de\"}]}<\/script>\n<!-- \/ Yoast SEO plugin. -->","yoast_head_json":{"title":"Fl\u00fcssiggas und Fl\u00fcssiggastank Vogtlandkreis - Gasgenial - Fl\u00fcssiggas g\u00fcnstig kaufen","robots":{"index":"index","follow":"follow","max-snippet":"max-snippet:-1","max-image-preview":"max-image-preview:large","max-video-preview":"max-video-preview:-1"},"canonical":"https:\/\/gasgenial.de\/fluessiggas\/fluessiggas-und-fluessiggastank-vogtlandkreis","og_locale":"de_DE","og_type":"article","og_title":"Fl\u00fcssiggas und Fl\u00fcssiggastank Vogtlandkreis - Gasgenial - Fl\u00fcssiggas g\u00fcnstig kaufen","og_description":"07919 M\u00fchltroff 07952 Pausa 07985 Elsterberg 08209 Auerbach\/Vogtland 08223 Gr\u00fcnbach 08223 Werda 08223 Falkenstein\/Vogtland 08223...","og_url":"https:\/\/gasgenial.de\/fluessiggas\/fluessiggas-und-fluessiggastank-vogtlandkreis","og_site_name":"Gasgenial - Fl\u00fcssiggas g\u00fcnstig kaufen","twitter_card":"summary_large_image","schema":{"@context":"https:\/\/schema.org","@graph":[{"@type":"WebPage","@id":"https:\/\/gasgenial.de\/fluessiggas\/fluessiggas-und-fluessiggastank-vogtlandkreis","url":"https:\/\/gasgenial.de\/fluessiggas\/fluessiggas-und-fluessiggastank-vogtlandkreis","name":"Fl\u00fcssiggas und Fl\u00fcssiggastank Vogtlandkreis - Gasgenial - Fl\u00fcssiggas g\u00fcnstig kaufen","isPartOf":{"@id":"https:\/\/gasgenial.de\/fluessiggas\/#website"},"datePublished":"2015-06-30T07:23:39+00:00","breadcrumb":{"@id":"https:\/\/gasgenial.de\/fluessiggas\/fluessiggas-und-fluessiggastank-vogtlandkreis#breadcrumb"},"inLanguage":"de","potentialAction":[{"@type":"ReadAction","target":["https:\/\/gasgenial.de\/fluessiggas\/fluessiggas-und-fluessiggastank-vogtlandkreis"]}]},{"@type":"BreadcrumbList","@id":"https:\/\/gasgenial.de\/fluessiggas\/fluessiggas-und-fluessiggastank-vogtlandkreis#breadcrumb","itemListElement":[{"@type":"ListItem","position":1,"name":"Startseite","item":"https:\/\/gasgenial.de\/fluessiggas\/"},{"@type":"ListItem","position":2,"name":"Fl\u00fcssiggas und Fl\u00fcssiggastank Vogtlandkreis"}]},{"@type":"WebSite","@id":"https:\/\/gasgenial.de\/fluessiggas\/#website","url":"https:\/\/gasgenial.de\/fluessiggas\/","name":"Gasgenial - Fl\u00fcssiggas g\u00fcnstig kaufen","description":"Fl\u00fcssiggas und Fl\u00fcssiggastanks f\u00fcr Privat und Gewerbe","potentialAction":[{"@type":"SearchAction","target":{"@type":"EntryPoint","urlTemplate":"https:\/\/gasgenial.de\/fluessiggas\/?s={search_term_string}"},"query-input":{"@type":"PropertyValueSpecification","valueRequired":true,"valueName":"search_term_string"}}],"inLanguage":"de"}]}},"_links":{"self":[{"href":"https:\/\/gasgenial.de\/fluessiggas\/wp-json\/wp\/v2\/pages\/9162","targetHints":{"allow":["GET"]}}],"collection":[{"href":"https:\/\/gasgenial.de\/fluessiggas\/wp-json\/wp\/v2\/pages"}],"about":[{"href":"https:\/\/gasgenial.de\/fluessiggas\/wp-json\/wp\/v2\/types\/page"}],"author":[{"embeddable":true,"href":"https:\/\/gasgenial.de\/fluessiggas\/wp-json\/wp\/v2\/users\/2"}],"replies":[{"embeddable":true,"href":"https:\/\/gasgenial.de\/fluessiggas\/wp-json\/wp\/v2\/comments?post=9162"}],"version-history":[{"count":0,"href":"https:\/\/gasgenial.de\/fluessiggas\/wp-json\/wp\/v2\/pages\/9162\/revisions"}],"wp:attachment":[{"href":"https:\/\/gasgenial.de\/fluessiggas\/wp-json\/wp\/v2\/media?parent=9162"}],"curies":[{"name":"wp","href":"https:\/\/api.w.org\/{rel}","templated":true}]}}