{"id":8912,"date":"2014-09-10T07:25:19","date_gmt":"2014-09-10T05:25:19","guid":{"rendered":"http:\/\/gasgenial.de\/fluessiggas\/?page_id=8912"},"modified":"2014-09-10T07:25:19","modified_gmt":"2014-09-10T05:25:19","slug":"impressum-2","status":"publish","type":"page","link":"https:\/\/gasgenial.de\/fluessiggas\/impressum-2","title":{"rendered":"Impressum"},"content":{"rendered":"<div>\n<div class=\"clearfix\"><!-- ## SEO GENERATED Visual Feedback --><\/p>\n<div id=\"rpsXGU3WV46O8B0ARC4OGYQVGT8DD36UBS0\" class=\"rad-v-section clearfix\">\n<div id=\"rpcQNLY27ER8MYUPOSBFUVF1M2JU7Q1J1XD\" class=\"rad-v-container \">\n<div id=\"rpwP9YD7EDFTADCL1S68IQ556NMQDU3IKF0\" class=\"rad-v-widget  \">\n<div class=\"clearfix rad-v-feeder\">\n<div class=\"rad-intro-info\">\n<h4 class=\"vf-text_title\">Mit Sicherheit g\u00fcnstig versorgt.<\/h4>\n<h6 class=\"vf-text_subtitle\">Qualit\u00e4t, Service, Kompetenz.<\/h6>\n<\/div>\n<\/div>\n<\/div>\n<\/div>\n<div id=\"rpcR0CMRLWVRY7TFB9VINBUJSXTFDGIQHTB\" class=\"rad-v-container \">\n<div id=\"rpwTL74VLTIPBXNY9U62249FBQMURFE3HIX\" class=\"rad-v-widget  \">\n<div class=\"clearfix rad-v-feeder\">\n<div class=\"rad-post-list-info clearfix\">\n<h4 class=\"vf-text_title\"><\/h4>\n<p>Slider has <strong class=\"vf-no_of_posts\">1<\/strong> <strong class=\"vf-post_type\">portfolio<\/strong> items .<\/div>\n<\/div>\n<\/div>\n<\/div>\n<div id=\"rpcX1HHYNGATUIB1EMHBBF6HC45FX3CC7WY\" class=\"rad-v-container \">\n<div id=\"rpwS8I338W5ADBJH1GH68DB1QBP9D6CKLQ5\" class=\"rad-v-widget  \">\n<div class=\"clearfix rad-v-feeder\">\n<div class=\"text-icon vf-icon\"><\/div>\n<div class=\"text-info\">\n<h4 class=\"vf-text_title\">Impressum<\/h4>\n<h6 class=\"vf-text_subtitle\">Disclaimer<\/h6>\n<div class=\"vtext vf-text_data\">\n<p><em><strong>Gasgenial.de <\/strong><\/em>ist eine Marke der<br \/>\n<strong>GazCologne Fl\u00fcssiggas-Service GmbH<\/strong><\/p>\n<p>Rommersdorfer Stra\u00dfe 90<br \/>\n53604 Bad Honnef<br \/>\nPostfach 1520<br \/>\n53585 Bad Honnef<br \/>\nTelefon: +49 (0) 2224 988-6414<br \/>\nTelefax: +49 (0) 2224 978-130<br \/>\nE-Mail: info (at) gazcologne (dot) de<br \/>\nInternet: www.gazcologne-fluessiggas.de<br \/>\nVertretungsberechtigte Gesch\u00e4ftsf\u00fchrer:<br \/>\nRoman. G. Kieslinger<br \/>\nRegistergericht: Amtsgericht Siegburg<br \/>\nRegisternummer: HRB 13031<br \/>\nUmsatzsteuernummer: DE296010075<br \/>\nInhaltlich Verantwortlicher gem\u00e4\u00df \u00a7 55 Abs. 2 RStV:<br \/>\nRoman. G. Kieslinger (Anschrift wie oben)<\/p>\n<p>&nbsp;<\/p>\n<p><strong>Haftungshinweis:<\/strong><\/p>\n<p>Trotz sorgf\u00e4ltiger inhaltlicher Kontrolle \u00fcbernehmen wir keine Haftung f\u00fcr die Inhalte externer Links. F\u00fcr den Inhalt der verlinkten Seiten sind ausschlie\u00dflich deren Betreiber verantwortlich.<\/p>\n<p>Bildlizenzen: Gazcologne Fl\u00fcssiggas-ServiceGmbH, Fotolia, Tobias Schreiber<\/p>\n<p>&nbsp;<\/p>\n<p><strong>Haftungsausschluss:<\/strong><\/p>\n<p>DIENSTE ANDERER ANBIETER<\/p>\n<p>Datenschutzerkl\u00e4rung f\u00fcr die Nutzung von Facebook-Plugins (Like-Button)<\/p>\n<p>Auf unseren Seiten sind Plugins des sozialen Netzwerks Facebook, 1601 South California Avenue, Palo Alto, CA 94304, USA integriert. Die Facebook-Plugins erkennen Sie an dem Facebook-Logo oder dem &#8222;Like-Button&#8220; (&#8222;Gef\u00e4llt mir&#8220;) auf unserer Seite. Eine \u00dcbersicht \u00fcber die Facebook-Plugins finden Sie hier: http:\/\/developers.facebook.com\/docs\/plugins\/. Wenn Sie unsere Seiten besuchen, wird \u00fcber das Plugin eine direkte Verbindung zwischen Ihrem Browser und dem Facebook-Server hergestellt. Facebook erh\u00e4lt dadurch die Information, dass Sie mit Ihrer IP-Adresse unsere Seite besucht haben. Wenn Sie den Facebook &#8222;Like-Button&#8220; anklicken w\u00e4hrend Sie in Ihrem Facebook-Account eingeloggt sind, k\u00f6nnen Sie die Inhalte unserer Seiten auf Ihrem Facebook-Profil verlinken. Dadurch kann Facebook den Besuch unserer Seiten Ihrem Benutzerkonto zuordnen. Wir weisen darauf hin, dass wir als Anbieter der Seiten keine Kenntnis vom Inhalt der \u00fcbermittelten Daten sowie deren Nutzung durch Facebook erhalten. Weitere Informationen hierzu finden Sie in der Datenschutzerkl\u00e4rung von facebook unter http:\/\/de-de.facebook.com\/policy.php Wenn Sie nicht w\u00fcnschen, dass Facebook den Besuch unserer Seiten Ihrem Facebook-Nutzerkonto zuordnen kann, loggen Sie sich bitte aus Ihrem Facebook-Benutzerkonto aus.<\/p>\n<p>Datenschutzerkl\u00e4rung f\u00fcr die Nutzung von Twitter<\/p>\n<p>Auf unseren Seiten sind Funktionen des Dienstes Twitter eingebunden. Diese Funktionen werden angeboten durch die Twitter Inc., 795 Folsom St., Suite 600, San Francisco, CA 94107, USA. Durch das Benutzen von Twitter und der Funktion &#8222;Re-Tweet&#8220; werden die von Ihnen besuchten Webseiten mit Ihrem Twitter-Account verkn\u00fcpft und anderen Nutzern bekannt gegeben. Dabei werden auch Daten an Twitter \u00fcbertragen. Wir weisen darauf hin, dass wir als Anbieter der Seiten keine Kenntnis vom Inhalt der \u00fcbermittelten Daten sowie deren Nutzung durch Twitter erhalten. Weitere Informationen hierzu finden Sie in der Datenschutzerkl\u00e4rung von Twitter unter http:\/\/twitter.com\/privacy. Ihre Datenschutzeinstellungen bei Twitter k\u00f6nnen Sie in den Konto-Einstellungen unter http:\/\/twitter.com\/account\/settings \u00e4ndern.<br \/>\nAu\u00dfergerichtliche Streitbeilegung<br \/>\nDie Plattform der EU zur au\u00dfergerichtlichen Online-Streitbeilegung finden Sie hier: https:\/\/ec.europa.eu\/consumers\/odr\/<br \/>\nWir sind weder bereit noch verpflichtet, an einem Streitbeilegungsverfahren vor einer Verbraucherschlichtungsstelle teilzunehmen.<\/p><\/div>\n<\/div>\n<\/div>\n<\/div>\n<\/div>\n<\/div>\n<div id=\"rpsIAY1N6N3DLQTNFDRBT2EHGFQ1XLCLB0T\" class=\"rad-v-section clearfix\">\n<div id=\"rpcFPJK2BCS7LX5AHCJAFRSI5C69B2IFJPR\" class=\"rad-v-container \">\n<div id=\"rpwEY4INSJY2SUT89CL2BM3BD7BOQ7U24PC\" class=\"rad-v-widget  \">\n<div class=\"clearfix rad-v-feeder\">\n<div class=\"text-icon vf-icon\"><\/div>\n<div class=\"text-info\">\n<h4 class=\"vf-text_title\">Fl\u00fcssiggaspreise<\/h4>\n<h6 class=\"vf-text_subtitle\"><\/h6>\n<div class=\"vtext vf-text_data\">\n<p>Wir haben den Markt f\u00fcr Sie im Blick. Aus allen Angeboten suchen wir t\u00e4glich neu die besten Preise f\u00fcr Sie. Wir beziehen unser Fl\u00fcssiggas direkt von Raffinerien und Vorratslagern in Deutschland und West- und Osteuropa. Das gibt Ihnen und uns die Sicherheit, selbst bei Versorgungsengp\u00e4ssen lieferf\u00e4hig zu bleiben.<\/p>\n<\/div>\n<\/div>\n<\/div>\n<\/div>\n<\/div>\n<div id=\"rpcKT3H9ITQHTXTXUOR7K760UY2PNVS2TDF\" class=\"rad-v-container \">\n<div id=\"rpwBD9SOE8E0TWGJTB7BVA850JBW8P2A5YN\" class=\"rad-v-widget  \">\n<div class=\"clearfix rad-v-feeder\">\n<div class=\"text-icon vf-icon\"><\/div>\n<div class=\"text-info\">\n<h4 class=\"vf-text_title\">Wartung<\/h4>\n<h6 class=\"vf-text_subtitle\">Pr\u00fcfungen schnell und kompetent<\/h6>\n<div class=\"vtext vf-text_data\">\n<p>Wenn Sie bereits Eigent\u00fcmer eines Fl\u00fcssiggastanks sind, k\u00f6nnen Sie sofort in den Genuss unserer g\u00fcnstigen Wartungskonditionen kommen. Gerne bieten wir Ihnen mit einer monatlichen oder j\u00e4hrlichen Pauschale einen Wartungsvertrag an.<\/p>\n<\/div>\n<\/div>\n<\/div>\n<\/div>\n<\/div>\n<div id=\"rpcCQH9WN8UFPTX9ALTROK5SCNWD6YFO41K\" class=\"rad-v-container \">\n<div id=\"rpwC0IRPQR6WBU0MA42CT3UY09U946PK30B\" class=\"rad-v-widget  \">\n<div class=\"clearfix rad-v-feeder\">\n<div class=\"text-icon vf-icon\"><\/div>\n<div class=\"text-info\">\n<h4 class=\"vf-text_title\">Fl\u00fcssiggastanks<\/h4>\n<h6 class=\"vf-text_subtitle\"><\/h6>\n<div class=\"vtext vf-text_data\">\n<p>Bei einem Fl\u00fcssiggastank haben Sie die M\u00f6glichkeit einen Tank selber zu erwerben oder ihn bei uns zu mieten. Wir bieten Ihnen Fullservice aus einer Hand mit Jahrzehnte langer Erfahrung.<\/p>\n<\/div>\n<\/div>\n<\/div>\n<\/div>\n<\/div>\n<div id=\"rpcA9XCHQLJKJYA2ICMG0GYP4GCXB24MT8V\" class=\"rad-v-container \">\n<div id=\"rpwYK3J3WGSVWRDI7PQ7W5MHGFXB01HHG99\" class=\"rad-v-widget  \">\n<div class=\"clearfix rad-v-feeder\">\n<div class=\"text-icon vf-icon\"><\/div>\n<div class=\"text-info\">\n<h4 class=\"vf-text_title\">Jetzt g\u00fcnstig Gas geben!<\/h4>\n<h6 class=\"vf-text_subtitle\"><\/h6>\n<div class=\"vtext vf-text_data\">\n<p>Immer mehr Hauseigent\u00fcmer setzen auf Fl\u00fcssiggas.\u00a0Anders als leitungsgebundenes Erdgas l\u00e4sst sich der saubere Brennstoff problemlos vor dem Haus lagern. Sie werden unabh\u00e4ngig von Versorgungsengp\u00e4ssen der Pipelines und massiven Preiserh\u00f6hungen.<\/p>\n<\/div>\n<\/div>\n<\/div>\n<\/div>\n<\/div>\n<div id=\"rpcBA7WY7YA6UW2OTYWRX832I01O5GNNMPY\" class=\"rad-v-container \">\n<div id=\"rpwJUK6OEB0FMG76I7QJ0HKJHDHYCWHH9UJ\" class=\"rad-v-widget  \">\n<div class=\"clearfix rad-v-feeder\">\n<div class=\"text-icon vf-icon\"><\/div>\n<div class=\"text-info\">\n<h4 class=\"vf-text_title\">Fl\u00fcssiggaslieferung<\/h4>\n<h6 class=\"vf-text_subtitle\">Mit Sicherheit g\u00fcnstig versorgt<\/h6>\n<div class=\"vtext vf-text_data\">\n<p>Beziehen Sie Ihr Fl\u00fcssiggas immer zum g\u00fcnstigen Tagespreis. Transparent und fair ohne Zwischenh\u00e4ndler deutschlandweit direkt von gasgenial.de. F\u00fcr eine rechtlich einwandfreie Fl\u00fcssiggasbelieferung ben\u00f6tigen wir eine Kaufrechnung oder einen Kaufvertrag und einen Nachweis der durchgef\u00fchrten Pr\u00fcfungen Ihres Propangastanks.<\/p>\n<\/div>\n<\/div>\n<\/div>\n<\/div>\n<\/div>\n<div id=\"rpcDVY6XNLQLLNJHB3EDMA379DK4MN8RQIJ\" class=\"rad-v-container \">\n<div id=\"rpwTAU0RW40KW49OV05THHOBWGUM6XTYJOX\" class=\"rad-v-widget  \">\n<div class=\"clearfix rad-v-feeder\">\n<div class=\"text-icon vf-icon\"><\/div>\n<div class=\"text-info\">\n<h4 class=\"vf-text_title\">News<\/h4>\n<h6 class=\"vf-text_subtitle\">Beste Preise. Beste Qualit\u00e4t. Zufriedene Kunden.<\/h6>\n<div class=\"vtext vf-text_data\">\n<p>Qualit\u00e4t muss nicht teuer sein. Finden Sie g\u00fcnstigste Konditionen bei uns..<\/p>\n<\/div>\n<\/div>\n<\/div>\n<\/div>\n<\/div>\n<\/div>\n<\/div>\n<\/div>\n<p><!-- ## AUTO GENERATED Visual Feedback --><\/p>\n","protected":false},"excerpt":{"rendered":"<p>Mit Sicherheit g\u00fcnstig versorgt. Qualit\u00e4t, Service, Kompetenz. Slider has 1 portfolio items . Impressum Disclaimer&#8230;<\/p>\n","protected":false},"author":2,"featured_media":0,"parent":0,"menu_order":0,"comment_status":"open","ping_status":"open","template":"","meta":{"footnotes":""},"class_list":["post-8912","page","type-page","status-publish","hentry"],"yoast_head":"<!-- This site is optimized with the Yoast SEO plugin v26.2 - https:\/\/yoast.com\/wordpress\/plugins\/seo\/ -->\n<title>Impressum - Gasgenial - Fl\u00fcssiggas g\u00fcnstig kaufen<\/title>\n<meta name=\"robots\" content=\"index, follow, max-snippet:-1, max-image-preview:large, max-video-preview:-1\" \/>\n<link rel=\"canonical\" href=\"https:\/\/gasgenial.de\/fluessiggas\/impressum-2\" \/>\n<meta property=\"og:locale\" content=\"de_DE\" \/>\n<meta property=\"og:type\" content=\"article\" \/>\n<meta property=\"og:title\" content=\"Impressum - Gasgenial - Fl\u00fcssiggas g\u00fcnstig kaufen\" \/>\n<meta property=\"og:description\" content=\"Mit Sicherheit g\u00fcnstig versorgt. Qualit\u00e4t, Service, Kompetenz. Slider has 1 portfolio items . Impressum Disclaimer...\" \/>\n<meta property=\"og:url\" content=\"https:\/\/gasgenial.de\/fluessiggas\/impressum-2\" \/>\n<meta property=\"og:site_name\" content=\"Gasgenial - Fl\u00fcssiggas g\u00fcnstig kaufen\" \/>\n<meta name=\"twitter:card\" content=\"summary_large_image\" \/>\n<meta name=\"twitter:label1\" content=\"Gesch\u00e4tzte Lesezeit\" \/>\n\t<meta name=\"twitter:data1\" content=\"4\u00a0Minuten\" \/>\n<script type=\"application\/ld+json\" class=\"yoast-schema-graph\">{\"@context\":\"https:\/\/schema.org\",\"@graph\":[{\"@type\":\"WebPage\",\"@id\":\"https:\/\/gasgenial.de\/fluessiggas\/impressum-2\",\"url\":\"https:\/\/gasgenial.de\/fluessiggas\/impressum-2\",\"name\":\"Impressum - Gasgenial - Fl\u00fcssiggas g\u00fcnstig kaufen\",\"isPartOf\":{\"@id\":\"https:\/\/gasgenial.de\/fluessiggas\/#website\"},\"datePublished\":\"2014-09-10T05:25:19+00:00\",\"breadcrumb\":{\"@id\":\"https:\/\/gasgenial.de\/fluessiggas\/impressum-2#breadcrumb\"},\"inLanguage\":\"de\",\"potentialAction\":[{\"@type\":\"ReadAction\",\"target\":[\"https:\/\/gasgenial.de\/fluessiggas\/impressum-2\"]}]},{\"@type\":\"BreadcrumbList\",\"@id\":\"https:\/\/gasgenial.de\/fluessiggas\/impressum-2#breadcrumb\",\"itemListElement\":[{\"@type\":\"ListItem\",\"position\":1,\"name\":\"Startseite\",\"item\":\"https:\/\/gasgenial.de\/fluessiggas\/\"},{\"@type\":\"ListItem\",\"position\":2,\"name\":\"Impressum\"}]},{\"@type\":\"WebSite\",\"@id\":\"https:\/\/gasgenial.de\/fluessiggas\/#website\",\"url\":\"https:\/\/gasgenial.de\/fluessiggas\/\",\"name\":\"Gasgenial - Fl\u00fcssiggas g\u00fcnstig kaufen\",\"description\":\"Fl\u00fcssiggas und Fl\u00fcssiggastanks f\u00fcr Privat und Gewerbe\",\"potentialAction\":[{\"@type\":\"SearchAction\",\"target\":{\"@type\":\"EntryPoint\",\"urlTemplate\":\"https:\/\/gasgenial.de\/fluessiggas\/?s={search_term_string}\"},\"query-input\":{\"@type\":\"PropertyValueSpecification\",\"valueRequired\":true,\"valueName\":\"search_term_string\"}}],\"inLanguage\":\"de\"}]}<\/script>\n<!-- \/ Yoast SEO plugin. -->","yoast_head_json":{"title":"Impressum - Gasgenial - Fl\u00fcssiggas g\u00fcnstig kaufen","robots":{"index":"index","follow":"follow","max-snippet":"max-snippet:-1","max-image-preview":"max-image-preview:large","max-video-preview":"max-video-preview:-1"},"canonical":"https:\/\/gasgenial.de\/fluessiggas\/impressum-2","og_locale":"de_DE","og_type":"article","og_title":"Impressum - Gasgenial - Fl\u00fcssiggas g\u00fcnstig kaufen","og_description":"Mit Sicherheit g\u00fcnstig versorgt. Qualit\u00e4t, Service, Kompetenz. Slider has 1 portfolio items . Impressum Disclaimer...","og_url":"https:\/\/gasgenial.de\/fluessiggas\/impressum-2","og_site_name":"Gasgenial - Fl\u00fcssiggas g\u00fcnstig kaufen","twitter_card":"summary_large_image","twitter_misc":{"Gesch\u00e4tzte Lesezeit":"4\u00a0Minuten"},"schema":{"@context":"https:\/\/schema.org","@graph":[{"@type":"WebPage","@id":"https:\/\/gasgenial.de\/fluessiggas\/impressum-2","url":"https:\/\/gasgenial.de\/fluessiggas\/impressum-2","name":"Impressum - Gasgenial - Fl\u00fcssiggas g\u00fcnstig kaufen","isPartOf":{"@id":"https:\/\/gasgenial.de\/fluessiggas\/#website"},"datePublished":"2014-09-10T05:25:19+00:00","breadcrumb":{"@id":"https:\/\/gasgenial.de\/fluessiggas\/impressum-2#breadcrumb"},"inLanguage":"de","potentialAction":[{"@type":"ReadAction","target":["https:\/\/gasgenial.de\/fluessiggas\/impressum-2"]}]},{"@type":"BreadcrumbList","@id":"https:\/\/gasgenial.de\/fluessiggas\/impressum-2#breadcrumb","itemListElement":[{"@type":"ListItem","position":1,"name":"Startseite","item":"https:\/\/gasgenial.de\/fluessiggas\/"},{"@type":"ListItem","position":2,"name":"Impressum"}]},{"@type":"WebSite","@id":"https:\/\/gasgenial.de\/fluessiggas\/#website","url":"https:\/\/gasgenial.de\/fluessiggas\/","name":"Gasgenial - Fl\u00fcssiggas g\u00fcnstig kaufen","description":"Fl\u00fcssiggas und Fl\u00fcssiggastanks f\u00fcr Privat und Gewerbe","potentialAction":[{"@type":"SearchAction","target":{"@type":"EntryPoint","urlTemplate":"https:\/\/gasgenial.de\/fluessiggas\/?s={search_term_string}"},"query-input":{"@type":"PropertyValueSpecification","valueRequired":true,"valueName":"search_term_string"}}],"inLanguage":"de"}]}},"_links":{"self":[{"href":"https:\/\/gasgenial.de\/fluessiggas\/wp-json\/wp\/v2\/pages\/8912","targetHints":{"allow":["GET"]}}],"collection":[{"href":"https:\/\/gasgenial.de\/fluessiggas\/wp-json\/wp\/v2\/pages"}],"about":[{"href":"https:\/\/gasgenial.de\/fluessiggas\/wp-json\/wp\/v2\/types\/page"}],"author":[{"embeddable":true,"href":"https:\/\/gasgenial.de\/fluessiggas\/wp-json\/wp\/v2\/users\/2"}],"replies":[{"embeddable":true,"href":"https:\/\/gasgenial.de\/fluessiggas\/wp-json\/wp\/v2\/comments?post=8912"}],"version-history":[{"count":0,"href":"https:\/\/gasgenial.de\/fluessiggas\/wp-json\/wp\/v2\/pages\/8912\/revisions"}],"wp:attachment":[{"href":"https:\/\/gasgenial.de\/fluessiggas\/wp-json\/wp\/v2\/media?parent=8912"}],"curies":[{"name":"wp","href":"https:\/\/api.w.org\/{rel}","templated":true}]}}