{"id":6874,"date":"2015-07-08T11:38:47","date_gmt":"2015-07-08T10:38:47","guid":{"rendered":"http:\/\/www.gazcologne.de\/fluessiggas-kompetenz\/?page_id=6874"},"modified":"2015-07-08T11:38:47","modified_gmt":"2015-07-08T10:38:47","slug":"fluessiggas-und-fluessiggastank-kreis-potsdam-mittelmark","status":"publish","type":"page","link":"https:\/\/gasgenial.de\/fluessiggas\/fluessiggas-und-fluessiggastank-kreis-potsdam-mittelmark","title":{"rendered":"Fl\u00fcssiggas und Fl\u00fcssiggastank Kreis Potsdam-Mittelmark"},"content":{"rendered":"<div>\n<div class=\"clearfix\"><!-- ## SEO GENERATED Visual Feedback --><\/p>\n<div id=\"rpsIFBVBQ18S0APYJC1H98CES8MECP01F8P\" class=\"rad-v-section clearfix\">\n<div id=\"rpcHJVO8X6HMUG949NJXSXODDNS0KDY6AL1\" class=\"rad-v-container \">\n<div id=\"rpwPC14TCI0CC0OQ11TVE2RL4CM90PUEAKQ\" class=\"rad-v-widget  \">\n<div class=\"clearfix rad-v-feeder\">\n<div class=\"text-icon vf-icon\"><\/div>\n<div class=\"text-info\">\n<h4 class=\"vf-text_title\"><\/h4>\n<h6 class=\"vf-text_subtitle\"><\/h6>\n<div class=\"vtext vf-text_data\">\n<ul>\n<li>14476 Neu Fahrland<\/li>\n<li>14476 Fahrland<\/li>\n<li>14476 T\u00f6plitz<\/li>\n<li>14476 Satzkorn<\/li>\n<li>14476 Uetz-Paaren<\/li>\n<li>14476 Gross Glienicke<\/li>\n<li>14476 Marquardt<\/li>\n<li>14476 Golm<\/li>\n<li>14476 Seeburg<\/li>\n<li>14513 Teltow<\/li>\n<li>14532 Nudow<\/li>\n<li>14532 Stahnsdorf<\/li>\n<li>14532 Philippsthal<\/li>\n<li>14532 Kleinmachnow<\/li>\n<li>14532 Fahlhorst<\/li>\n<li>14542 Schwielowsee<\/li>\n<li>14542 Kloster Lehnin<\/li>\n<li>14542 Werder (Havel)<\/li>\n<li>14547 Beelitz<\/li>\n<li>14547 St\u00fccken<\/li>\n<li>14548 Schwielowsee<\/li>\n<li>14550 Krielow<\/li>\n<li>14550 Derwitz<\/li>\n<li>14550 Bochow<\/li>\n<li>14550 Schmergow<\/li>\n<li>14550 Deetz<\/li>\n<li>14550 Gross Kreutz<\/li>\n<li>14552 Fresdorf<\/li>\n<li>14552 Michendorf<\/li>\n<li>14552 Wildenbruch<\/li>\n<li>14552 Saarmund<\/li>\n<li>14552 Tremsdorf<\/li>\n<li>14554 Seddiner See<\/li>\n<li>14557 Langerwisch<\/li>\n<li>14557 Wilhelmshorst<\/li>\n<li>14558 Bergholz-Rehbr\u00fccke<\/li>\n<li>14778 Jeserig<\/li>\n<li>14778 Planebruch<\/li>\n<li>14778 Wust<\/li>\n<li>14778 Wollin<\/li>\n<li>14778 Havelsee<\/li>\n<li>14778 Roskow<\/li>\n<li>14778 Wenzlow<\/li>\n<\/ul>\n<p>&nbsp;<\/p>\n<h2><a title=\"Kontakt\" href=\"https:\/\/gasgenial.de\/fluessiggas\/kontakt\">Preisanfrage Fl\u00fcssiggas oder Fl\u00fcssiggastank<\/a><\/h2>\n<\/div>\n<\/div>\n<\/div>\n<\/div>\n<\/div>\n<div id=\"rpcIL4OK3RECYYPUR5KMRECMGA9G9CXQIVH\" class=\"rad-v-container \">\n<div id=\"rpwOW8VX0IV2LVY9WRQ5B4OMXXK4AKEUSG5\" class=\"rad-v-widget  \">\n<div class=\"clearfix rad-v-feeder\">\n<div class=\"text-icon vf-icon\"><\/div>\n<div class=\"text-info\">\n<h4 class=\"vf-text_title\"><\/h4>\n<h6 class=\"vf-text_subtitle\"><\/h6>\n<div class=\"vtext vf-text_data\">\n<div class=\" four columns mobile-four \">\n<div class=\"mvb_inner_wrapper\" data-speed=\"1\" data-offsety=\"0\" data-type=\"background\">\n<div class=\"module module-text  \">\n<div class=\"textwidget \">\n<div class=\"spalte2\">\n<div class=\"contentblock\">\n<div id=\"c12606\" class=\"csc-default\">\n<ul>\n<li>14778 Schenkenberg<\/li>\n<li>14778 Kloster Lehnin<\/li>\n<li>14778 G\u00f6tz14778 P\u00e4wesin<\/li>\n<li>14778 Gollwitz<\/li>\n<li>14778 Beetzseeheide<\/li>\n<li>14778 Golzow<\/li>\n<li>14778 Trechwitz<\/li>\n<li>14778 Planetal<\/li>\n<li>14778 Beetzsee<\/li>\n<li>14789 Wusterwitz<\/li>\n<li>14789 Bensdorf<\/li>\n<li>14789 Rosenau<\/li>\n<li>14793 Rottstock<\/li>\n<li>14793 Ziesar<\/li>\n<li>14793 Gr\u00e4ben<\/li>\n<li>14793 Buckautal<\/li>\n<li>14797 Kloster Lehnin<\/li>\n<li>14798 Havelsee<\/li>\n<li>14806 Hagelberg<\/li>\n<li>14806 Belzig<\/li>\n<li>14806 Schwanebeck<\/li>\n<li>14806 Planetal<\/li>\n<li>14822 Borkheide<\/li>\n<li>14822 Planebruch<\/li>\n<li>14822 Borkwalde<\/li>\n<li>14822 Linthe<\/li>\n<li>14822 M\u00fchlenfliess<\/li>\n<li>14822 Br\u00fcck<\/li>\n<li>14823 Niemegk<\/li>\n<li>14823 Rabenstein\/Fl\u00e4ming<\/li>\n<li>14823 M\u00fchlenfliess<\/li>\n<li>14827 Wiesenburg<\/li>\n<li>14828 G\u00f6rzke<\/li>\n<li>14929 Treuenbrietzen<\/li>\n<li>14943 L\u00fchsdorf<\/li>\n<li>14467 Potsdam<\/li>\n<li>14469 Potsdam<\/li>\n<li>14471 Potsdam<\/li>\n<li>14473 Potsdam<\/li>\n<li>14478 Potsdam<\/li>\n<li>14480 Potsdam<\/li>\n<li>14482 Potsdam<\/li>\n<\/ul>\n<p>&nbsp;<\/p>\n<\/div>\n<\/div>\n<\/div>\n<\/div>\n<\/div>\n<\/div>\n<\/div>\n<\/div>\n<\/div>\n<\/div>\n<\/div>\n<\/div>\n<\/div>\n<\/div>\n<\/div>\n<p><!-- ## AUTO GENERATED Visual Feedback --><\/p>\n","protected":false},"excerpt":{"rendered":"<p>14476 Neu Fahrland 14476 Fahrland 14476 T\u00f6plitz 14476 Satzkorn 14476 Uetz-Paaren 14476 Gross Glienicke 14476&#8230;<\/p>\n","protected":false},"author":2,"featured_media":0,"parent":0,"menu_order":0,"comment_status":"open","ping_status":"closed","template":"","meta":{"footnotes":""},"class_list":["post-6874","page","type-page","status-publish","hentry"],"yoast_head":"<!-- This site is optimized with the Yoast SEO plugin v26.2 - https:\/\/yoast.com\/wordpress\/plugins\/seo\/ -->\n<title>Fl\u00fcssiggas und Fl\u00fcssiggastank Kreis Potsdam-Mittelmark - Gasgenial - Fl\u00fcssiggas g\u00fcnstig kaufen<\/title>\n<meta name=\"robots\" content=\"index, follow, max-snippet:-1, max-image-preview:large, max-video-preview:-1\" \/>\n<link rel=\"canonical\" href=\"https:\/\/gasgenial.de\/fluessiggas\/fluessiggas-und-fluessiggastank-kreis-potsdam-mittelmark\" \/>\n<meta property=\"og:locale\" content=\"de_DE\" \/>\n<meta property=\"og:type\" content=\"article\" \/>\n<meta property=\"og:title\" content=\"Fl\u00fcssiggas und Fl\u00fcssiggastank Kreis Potsdam-Mittelmark - Gasgenial - Fl\u00fcssiggas g\u00fcnstig kaufen\" \/>\n<meta property=\"og:description\" content=\"14476 Neu Fahrland 14476 Fahrland 14476 T\u00f6plitz 14476 Satzkorn 14476 Uetz-Paaren 14476 Gross Glienicke 14476...\" \/>\n<meta property=\"og:url\" content=\"https:\/\/gasgenial.de\/fluessiggas\/fluessiggas-und-fluessiggastank-kreis-potsdam-mittelmark\" \/>\n<meta property=\"og:site_name\" content=\"Gasgenial - Fl\u00fcssiggas g\u00fcnstig kaufen\" \/>\n<meta name=\"twitter:card\" content=\"summary_large_image\" \/>\n<meta name=\"twitter:label1\" content=\"Gesch\u00e4tzte Lesezeit\" \/>\n\t<meta name=\"twitter:data1\" content=\"1\u00a0Minute\" \/>\n<script type=\"application\/ld+json\" class=\"yoast-schema-graph\">{\"@context\":\"https:\/\/schema.org\",\"@graph\":[{\"@type\":\"WebPage\",\"@id\":\"https:\/\/gasgenial.de\/fluessiggas\/fluessiggas-und-fluessiggastank-kreis-potsdam-mittelmark\",\"url\":\"https:\/\/gasgenial.de\/fluessiggas\/fluessiggas-und-fluessiggastank-kreis-potsdam-mittelmark\",\"name\":\"Fl\u00fcssiggas und Fl\u00fcssiggastank Kreis Potsdam-Mittelmark - Gasgenial - Fl\u00fcssiggas g\u00fcnstig kaufen\",\"isPartOf\":{\"@id\":\"https:\/\/gasgenial.de\/fluessiggas\/#website\"},\"datePublished\":\"2015-07-08T10:38:47+00:00\",\"breadcrumb\":{\"@id\":\"https:\/\/gasgenial.de\/fluessiggas\/fluessiggas-und-fluessiggastank-kreis-potsdam-mittelmark#breadcrumb\"},\"inLanguage\":\"de\",\"potentialAction\":[{\"@type\":\"ReadAction\",\"target\":[\"https:\/\/gasgenial.de\/fluessiggas\/fluessiggas-und-fluessiggastank-kreis-potsdam-mittelmark\"]}]},{\"@type\":\"BreadcrumbList\",\"@id\":\"https:\/\/gasgenial.de\/fluessiggas\/fluessiggas-und-fluessiggastank-kreis-potsdam-mittelmark#breadcrumb\",\"itemListElement\":[{\"@type\":\"ListItem\",\"position\":1,\"name\":\"Startseite\",\"item\":\"https:\/\/gasgenial.de\/fluessiggas\/\"},{\"@type\":\"ListItem\",\"position\":2,\"name\":\"Fl\u00fcssiggas und Fl\u00fcssiggastank Kreis Potsdam-Mittelmark\"}]},{\"@type\":\"WebSite\",\"@id\":\"https:\/\/gasgenial.de\/fluessiggas\/#website\",\"url\":\"https:\/\/gasgenial.de\/fluessiggas\/\",\"name\":\"Gasgenial - Fl\u00fcssiggas g\u00fcnstig kaufen\",\"description\":\"Fl\u00fcssiggas und Fl\u00fcssiggastanks f\u00fcr Privat und Gewerbe\",\"potentialAction\":[{\"@type\":\"SearchAction\",\"target\":{\"@type\":\"EntryPoint\",\"urlTemplate\":\"https:\/\/gasgenial.de\/fluessiggas\/?s={search_term_string}\"},\"query-input\":{\"@type\":\"PropertyValueSpecification\",\"valueRequired\":true,\"valueName\":\"search_term_string\"}}],\"inLanguage\":\"de\"}]}<\/script>\n<!-- \/ Yoast SEO plugin. -->","yoast_head_json":{"title":"Fl\u00fcssiggas und Fl\u00fcssiggastank Kreis Potsdam-Mittelmark - Gasgenial - Fl\u00fcssiggas g\u00fcnstig kaufen","robots":{"index":"index","follow":"follow","max-snippet":"max-snippet:-1","max-image-preview":"max-image-preview:large","max-video-preview":"max-video-preview:-1"},"canonical":"https:\/\/gasgenial.de\/fluessiggas\/fluessiggas-und-fluessiggastank-kreis-potsdam-mittelmark","og_locale":"de_DE","og_type":"article","og_title":"Fl\u00fcssiggas und Fl\u00fcssiggastank Kreis Potsdam-Mittelmark - Gasgenial - Fl\u00fcssiggas g\u00fcnstig kaufen","og_description":"14476 Neu Fahrland 14476 Fahrland 14476 T\u00f6plitz 14476 Satzkorn 14476 Uetz-Paaren 14476 Gross Glienicke 14476...","og_url":"https:\/\/gasgenial.de\/fluessiggas\/fluessiggas-und-fluessiggastank-kreis-potsdam-mittelmark","og_site_name":"Gasgenial - Fl\u00fcssiggas g\u00fcnstig kaufen","twitter_card":"summary_large_image","twitter_misc":{"Gesch\u00e4tzte Lesezeit":"1\u00a0Minute"},"schema":{"@context":"https:\/\/schema.org","@graph":[{"@type":"WebPage","@id":"https:\/\/gasgenial.de\/fluessiggas\/fluessiggas-und-fluessiggastank-kreis-potsdam-mittelmark","url":"https:\/\/gasgenial.de\/fluessiggas\/fluessiggas-und-fluessiggastank-kreis-potsdam-mittelmark","name":"Fl\u00fcssiggas und Fl\u00fcssiggastank Kreis Potsdam-Mittelmark - Gasgenial - Fl\u00fcssiggas g\u00fcnstig kaufen","isPartOf":{"@id":"https:\/\/gasgenial.de\/fluessiggas\/#website"},"datePublished":"2015-07-08T10:38:47+00:00","breadcrumb":{"@id":"https:\/\/gasgenial.de\/fluessiggas\/fluessiggas-und-fluessiggastank-kreis-potsdam-mittelmark#breadcrumb"},"inLanguage":"de","potentialAction":[{"@type":"ReadAction","target":["https:\/\/gasgenial.de\/fluessiggas\/fluessiggas-und-fluessiggastank-kreis-potsdam-mittelmark"]}]},{"@type":"BreadcrumbList","@id":"https:\/\/gasgenial.de\/fluessiggas\/fluessiggas-und-fluessiggastank-kreis-potsdam-mittelmark#breadcrumb","itemListElement":[{"@type":"ListItem","position":1,"name":"Startseite","item":"https:\/\/gasgenial.de\/fluessiggas\/"},{"@type":"ListItem","position":2,"name":"Fl\u00fcssiggas und Fl\u00fcssiggastank Kreis Potsdam-Mittelmark"}]},{"@type":"WebSite","@id":"https:\/\/gasgenial.de\/fluessiggas\/#website","url":"https:\/\/gasgenial.de\/fluessiggas\/","name":"Gasgenial - Fl\u00fcssiggas g\u00fcnstig kaufen","description":"Fl\u00fcssiggas und Fl\u00fcssiggastanks f\u00fcr Privat und Gewerbe","potentialAction":[{"@type":"SearchAction","target":{"@type":"EntryPoint","urlTemplate":"https:\/\/gasgenial.de\/fluessiggas\/?s={search_term_string}"},"query-input":{"@type":"PropertyValueSpecification","valueRequired":true,"valueName":"search_term_string"}}],"inLanguage":"de"}]}},"_links":{"self":[{"href":"https:\/\/gasgenial.de\/fluessiggas\/wp-json\/wp\/v2\/pages\/6874","targetHints":{"allow":["GET"]}}],"collection":[{"href":"https:\/\/gasgenial.de\/fluessiggas\/wp-json\/wp\/v2\/pages"}],"about":[{"href":"https:\/\/gasgenial.de\/fluessiggas\/wp-json\/wp\/v2\/types\/page"}],"author":[{"embeddable":true,"href":"https:\/\/gasgenial.de\/fluessiggas\/wp-json\/wp\/v2\/users\/2"}],"replies":[{"embeddable":true,"href":"https:\/\/gasgenial.de\/fluessiggas\/wp-json\/wp\/v2\/comments?post=6874"}],"version-history":[{"count":0,"href":"https:\/\/gasgenial.de\/fluessiggas\/wp-json\/wp\/v2\/pages\/6874\/revisions"}],"wp:attachment":[{"href":"https:\/\/gasgenial.de\/fluessiggas\/wp-json\/wp\/v2\/media?parent=6874"}],"curies":[{"name":"wp","href":"https:\/\/api.w.org\/{rel}","templated":true}]}}